{"id":10315,"date":"2024-05-01T12:14:21","date_gmt":"2024-05-01T12:14:21","guid":{"rendered":"https:\/\/www.polskismak.nl\/?post_type=product&#038;p=10315"},"modified":"2024-06-27T15:58:44","modified_gmt":"2024-06-27T15:58:44","slug":"winiary-galaretka-rozne-smaki","status":"publish","type":"product","link":"http:\/\/www.polskismak.nl\/index.php\/product\/winiary-galaretka-rozne-smaki\/","title":{"rendered":"Winiary Galaretka &#8211; r\u00f3\u017cne smaki"},"content":{"rendered":"<p>[:pl]Smaki:<\/p>\n<ul>\n<li>winogrono<\/li>\n<li>agrest<\/li>\n<li>pomara\u0144czowy<\/li>\n<li>jagodowy<\/li>\n<\/ul>\n<p>Sk\u0142ad: \u00a0<b>cukier, \u017celatyna wieprzowa, regulator kwasowo\u015bci (kwas cytrynowy), aromat, koncentraty ro\u015blinne (marchwi i hibiskusa, krokosza), maltodekstryna<\/b>.[:nl]Smaken:<\/p>\n<p>druif<br \/>\nkruisbes<br \/>\noranje<br \/>\nbes<\/p>\n<p>Ingredi\u00ebnten: suiker, varkensgelatine, zuurteregelaar (citroenzuur), aroma, plantenconcentraten (wortel en hibiscus, saffloer), maltodextrine.[:]<\/p>\n","protected":false},"excerpt":{"rendered":"<p>[:pl]Smaki: winogrono agrest pomara\u0144czowy jagodowy Sk\u0142ad: \u00a0cukier, \u017celatyna wieprzowa, regulator kwasowo\u015bci (kwas cytrynowy), aromat, koncentraty ro\u015blinne (marchwi i hibiskusa, krokosza), maltodekstryna.[:nl]Smaken: druif kruisbes oranje bes Ingredi\u00ebnten: suiker, varkensgelatine, zuurteregelaar (citroenzuur), aroma, plantenconcentraten (wortel en hibiscus, saffloer), maltodextrine.[:]<\/p>\n","protected":false},"featured_media":10296,"template":"","meta":[],"product_brand":[],"product_cat":[113,109],"product_tag":[],"class_list":{"0":"post-10315","1":"product","2":"type-product","3":"status-publish","4":"has-post-thumbnail","6":"product_cat-galaretki","7":"product_cat-produkty-do-pieczenia-i-desery","9":"first","10":"instock","11":"taxable","12":"shipping-taxable","13":"purchasable","14":"product-type-simple"},"_links":{"self":[{"href":"http:\/\/www.polskismak.nl\/index.php\/wp-json\/wp\/v2\/product\/10315","targetHints":{"allow":["GET"]}}],"collection":[{"href":"http:\/\/www.polskismak.nl\/index.php\/wp-json\/wp\/v2\/product"}],"about":[{"href":"http:\/\/www.polskismak.nl\/index.php\/wp-json\/wp\/v2\/types\/product"}],"wp:featuredmedia":[{"embeddable":true,"href":"http:\/\/www.polskismak.nl\/index.php\/wp-json\/wp\/v2\/media\/10296"}],"wp:attachment":[{"href":"http:\/\/www.polskismak.nl\/index.php\/wp-json\/wp\/v2\/media?parent=10315"}],"wp:term":[{"taxonomy":"product_brand","embeddable":true,"href":"http:\/\/www.polskismak.nl\/index.php\/wp-json\/wp\/v2\/product_brand?post=10315"},{"taxonomy":"product_cat","embeddable":true,"href":"http:\/\/www.polskismak.nl\/index.php\/wp-json\/wp\/v2\/product_cat?post=10315"},{"taxonomy":"product_tag","embeddable":true,"href":"http:\/\/www.polskismak.nl\/index.php\/wp-json\/wp\/v2\/product_tag?post=10315"}],"curies":[{"name":"wp","href":"https:\/\/api.w.org\/{rel}","templated":true}]}}