{"id":10421,"date":"2024-05-03T13:41:04","date_gmt":"2024-05-03T13:41:04","guid":{"rendered":"https:\/\/www.polskismak.nl\/?post_type=product&#038;p=10421"},"modified":"2025-09-04T12:21:24","modified_gmt":"2025-09-04T12:21:24","slug":"kasza-peczak-jeczmienna","status":"publish","type":"product","link":"http:\/\/www.polskismak.nl\/index.php\/product\/kasza-peczak-jeczmienna\/","title":{"rendered":"Kasza p\u0119czak j\u0119czmienny"},"content":{"rendered":"<p data-start=\"483\" data-end=\"525\"><strong data-start=\"483\" data-end=\"523\">Cenos Kasza P\u0119czak J\u0119czmienny 4x100g<\/strong><\/p>\n<p data-start=\"527\" data-end=\"816\">Kasza p\u0119czak to klasyka polskiej kuchni \u2013 zdrowa, syc\u0105ca i pe\u0142na smaku. Wytwarzana z ob\u0142uszczonego j\u0119czmienia, zachowuje cenne warto\u015bci od\u017cywcze i jest doskona\u0142ym \u017ar\u00f3d\u0142em b\u0142onnika. Dzi\u0119ki wygodnym woreczkom porcjowym (4x100g) przygotujesz j\u0105 szybko i bez wysi\u0142ku \u2013 gotowa ju\u017c w 15 minut!<\/p>\n<p data-start=\"818\" data-end=\"1060\">Kasza p\u0119czak Cenos \u015bwietnie sprawdza si\u0119 jako baza do wielu potraw: tradycyjnych zup i gulaszy, nowoczesnych sa\u0142atek, a tak\u017ce kremowego risotto z polskim akcentem. Doskonale komponuje si\u0119 z warzywami, mi\u0119sem, grzybami czy sosem pomidorowym.<\/p>\n<p data-start=\"1062\" data-end=\"1200\">Dzi\u0119ki naturalnemu smakowi i delikatnej konsystencji, kasza p\u0119czak jest idealnym wyborem na codzienny, zdrowy posi\u0142ek dla ca\u0142ej rodziny.<\/p>\n","protected":false},"excerpt":{"rendered":"<p>Dzi\u0119ki naturalnemu smakowi i delikatnej konsystencji, kasza p\u0119czak jest idealnym wyborem na codzienny, zdrowy posi\u0142ek dla ca\u0142ej rodziny.<\/p>\n","protected":false},"featured_media":10364,"template":"","meta":[],"product_brand":[],"product_cat":[137,136],"product_tag":[],"class_list":{"0":"post-10421","1":"product","2":"type-product","3":"status-publish","4":"has-post-thumbnail","6":"product_cat-kasze-i-ryz","7":"product_cat-produkty-sypkie","9":"first","10":"instock","11":"taxable","12":"shipping-taxable","13":"purchasable","14":"product-type-simple"},"_links":{"self":[{"href":"http:\/\/www.polskismak.nl\/index.php\/wp-json\/wp\/v2\/product\/10421","targetHints":{"allow":["GET"]}}],"collection":[{"href":"http:\/\/www.polskismak.nl\/index.php\/wp-json\/wp\/v2\/product"}],"about":[{"href":"http:\/\/www.polskismak.nl\/index.php\/wp-json\/wp\/v2\/types\/product"}],"wp:featuredmedia":[{"embeddable":true,"href":"http:\/\/www.polskismak.nl\/index.php\/wp-json\/wp\/v2\/media\/10364"}],"wp:attachment":[{"href":"http:\/\/www.polskismak.nl\/index.php\/wp-json\/wp\/v2\/media?parent=10421"}],"wp:term":[{"taxonomy":"product_brand","embeddable":true,"href":"http:\/\/www.polskismak.nl\/index.php\/wp-json\/wp\/v2\/product_brand?post=10421"},{"taxonomy":"product_cat","embeddable":true,"href":"http:\/\/www.polskismak.nl\/index.php\/wp-json\/wp\/v2\/product_cat?post=10421"},{"taxonomy":"product_tag","embeddable":true,"href":"http:\/\/www.polskismak.nl\/index.php\/wp-json\/wp\/v2\/product_tag?post=10421"}],"curies":[{"name":"wp","href":"https:\/\/api.w.org\/{rel}","templated":true}]}}