{"id":11291,"date":"2024-07-10T12:27:37","date_gmt":"2024-07-10T12:27:37","guid":{"rendered":"https:\/\/www.polskismak.nl\/?post_type=product&#038;p=11291"},"modified":"2024-07-17T10:31:51","modified_gmt":"2024-07-17T10:31:51","slug":"pudliszki-flaki-wolowe-po-zamojsku","status":"publish","type":"product","link":"http:\/\/www.polskismak.nl\/index.php\/product\/pudliszki-flaki-wolowe-po-zamojsku\/","title":{"rendered":"Pudliszki- Flaki wo\u0142owe po zamojsku"},"content":{"rendered":"<p>Sk\u0142adniki<br \/>\nwoda<\/p>\n<p>\u017co\u0142\u0105dki wo\u0142owe 36%<\/p>\n<p>warzywa (cebula 1,5%, seler, pietruszka 0,7%, marchew 0,5%)<\/p>\n<p>koncentrat pomidorowy 1,6%<\/p>\n<p>m\u0105ka pszenna<\/p>\n<p>przyprawa smakowa [maltodekstryna, s\u00f3l, cukier, olej rzepakowy, warzywa, przyprawy, ekstrakt dro\u017cd\u017cowy, aromat, wzmacniacze smaku (5&#8242;-rybonukleotydy disodowe), regulator kwasowo\u015bci (kwas cytrynowy)]<\/p>\n<p>przyprawa w p\u0142ynie (woda, s\u00f3l, ocet, hydrolizat bia\u0142ka soi, aromat)<\/p>\n<p>skrobia modyfikowana<\/p>\n<p>s\u00f3l<\/p>\n<p>olej rzepakowy<\/p>\n<p>przyprawy<\/p>\n<p>regulator kwasowo\u015bci (kwas cytrynowy)<\/p>\n<p>czosnek<\/p>\n<p>Dodatki<br \/>\nSztuczne konserwanty\tNie zawiera<br \/>\nMSG (glutaminian)\tNie zawiera<\/p>\n<p>Zalecenia dla alergik\u00f3w<br \/>\nSeler\tZawiera<br \/>\nSoja\tZawiera<br \/>\nPszenica\tZawiera<\/p>\n","protected":false},"excerpt":{"rendered":"<p>Sk\u0142adniki woda \u017co\u0142\u0105dki wo\u0142owe 36% warzywa (cebula 1,5%, seler, pietruszka 0,7%, marchew 0,5%) koncentrat pomidorowy 1,6% m\u0105ka pszenna przyprawa smakowa [maltodekstryna, s\u00f3l, cukier, olej rzepakowy, warzywa, przyprawy, ekstrakt dro\u017cd\u017cowy, aromat, wzmacniacze smaku (5&#8242;-rybonukleotydy disodowe), regulator kwasowo\u015bci (kwas cytrynowy)] przyprawa w p\u0142ynie (woda, s\u00f3l, ocet, hydrolizat bia\u0142ka soi, aromat) skrobia modyfikowana s\u00f3l olej rzepakowy przyprawy regulator [&hellip;]<\/p>\n","protected":false},"featured_media":11269,"template":"","meta":[],"product_brand":[],"product_cat":[142,143],"product_tag":[],"class_list":{"0":"post-11291","1":"product","2":"type-product","3":"status-publish","4":"has-post-thumbnail","6":"product_cat-gotowe-dania","7":"product_cat-gotowe-posilki","9":"first","10":"instock","11":"taxable","12":"shipping-taxable","13":"purchasable","14":"product-type-simple"},"_links":{"self":[{"href":"http:\/\/www.polskismak.nl\/index.php\/wp-json\/wp\/v2\/product\/11291","targetHints":{"allow":["GET"]}}],"collection":[{"href":"http:\/\/www.polskismak.nl\/index.php\/wp-json\/wp\/v2\/product"}],"about":[{"href":"http:\/\/www.polskismak.nl\/index.php\/wp-json\/wp\/v2\/types\/product"}],"wp:featuredmedia":[{"embeddable":true,"href":"http:\/\/www.polskismak.nl\/index.php\/wp-json\/wp\/v2\/media\/11269"}],"wp:attachment":[{"href":"http:\/\/www.polskismak.nl\/index.php\/wp-json\/wp\/v2\/media?parent=11291"}],"wp:term":[{"taxonomy":"product_brand","embeddable":true,"href":"http:\/\/www.polskismak.nl\/index.php\/wp-json\/wp\/v2\/product_brand?post=11291"},{"taxonomy":"product_cat","embeddable":true,"href":"http:\/\/www.polskismak.nl\/index.php\/wp-json\/wp\/v2\/product_cat?post=11291"},{"taxonomy":"product_tag","embeddable":true,"href":"http:\/\/www.polskismak.nl\/index.php\/wp-json\/wp\/v2\/product_tag?post=11291"}],"curies":[{"name":"wp","href":"https:\/\/api.w.org\/{rel}","templated":true}]}}