{"id":11298,"date":"2024-07-10T12:34:41","date_gmt":"2024-07-10T12:34:41","guid":{"rendered":"https:\/\/www.polskismak.nl\/?post_type=product&#038;p=11298"},"modified":"2025-11-13T14:16:37","modified_gmt":"2025-11-13T14:16:37","slug":"pamapol-zupa-ogrorkowa","status":"publish","type":"product","link":"http:\/\/www.polskismak.nl\/index.php\/product\/pamapol-zupa-ogrorkowa\/","title":{"rendered":"Pamapol Zupa ogr\u00f3rkowa"},"content":{"rendered":"<p>Sk\u0142adniki<br \/>\nBulion drobiowy (woda, korpus z kurczaka, s\u00f3l), tarte og\u00f3rki kiszone 17% (og\u00f3rki, woda, s\u00f3l, przyprawy), warzywa w zmiennych proporcjach (marchew, ziemniak, seler, pietruszka), m\u0105ka pszenna, \u015bmietanka (z mleka) 1%, s\u00f3l, koper 0,2%, cukier, czosnek 0,1%, przyprawy, ekstrakty przypraw.<\/p>\n<p>Zalecenia dla alergik\u00f3w<br \/>\nProdukt mo\u017ce zawiera\u0107: soj\u0119, gluten (z \u017cyta),  jaja, gorczyc\u0119, sezam.<\/p>\n","protected":false},"excerpt":{"rendered":"<p>Sk\u0142adniki Bulion drobiowy (woda, korpus z kurczaka, s\u00f3l), tarte og\u00f3rki kiszone 17% (og\u00f3rki, woda, s\u00f3l, przyprawy), warzywa w zmiennych proporcjach (marchew, ziemniak, seler, pietruszka), m\u0105ka pszenna, \u015bmietanka (z mleka) 1%, s\u00f3l, koper 0,2%, cukier, czosnek 0,1%, przyprawy, ekstrakty przypraw. Zalecenia dla alergik\u00f3w Produkt mo\u017ce zawiera\u0107: soj\u0119, gluten (z \u017cyta), jaja, gorczyc\u0119, sezam.<\/p>\n","protected":false},"featured_media":11270,"template":"","meta":[],"product_brand":[],"product_cat":[142,144],"product_tag":[],"class_list":{"0":"post-11298","1":"product","2":"type-product","3":"status-publish","4":"has-post-thumbnail","6":"product_cat-gotowe-dania","7":"product_cat-zupy-i-buliony","9":"first","10":"onbackorder","11":"taxable","12":"shipping-taxable","13":"purchasable","14":"product-type-simple"},"_links":{"self":[{"href":"http:\/\/www.polskismak.nl\/index.php\/wp-json\/wp\/v2\/product\/11298","targetHints":{"allow":["GET"]}}],"collection":[{"href":"http:\/\/www.polskismak.nl\/index.php\/wp-json\/wp\/v2\/product"}],"about":[{"href":"http:\/\/www.polskismak.nl\/index.php\/wp-json\/wp\/v2\/types\/product"}],"wp:featuredmedia":[{"embeddable":true,"href":"http:\/\/www.polskismak.nl\/index.php\/wp-json\/wp\/v2\/media\/11270"}],"wp:attachment":[{"href":"http:\/\/www.polskismak.nl\/index.php\/wp-json\/wp\/v2\/media?parent=11298"}],"wp:term":[{"taxonomy":"product_brand","embeddable":true,"href":"http:\/\/www.polskismak.nl\/index.php\/wp-json\/wp\/v2\/product_brand?post=11298"},{"taxonomy":"product_cat","embeddable":true,"href":"http:\/\/www.polskismak.nl\/index.php\/wp-json\/wp\/v2\/product_cat?post=11298"},{"taxonomy":"product_tag","embeddable":true,"href":"http:\/\/www.polskismak.nl\/index.php\/wp-json\/wp\/v2\/product_tag?post=11298"}],"curies":[{"name":"wp","href":"https:\/\/api.w.org\/{rel}","templated":true}]}}