{"id":11318,"date":"2024-07-10T14:16:51","date_gmt":"2024-07-10T14:16:51","guid":{"rendered":"https:\/\/www.polskismak.nl\/?post_type=product&#038;p=11318"},"modified":"2025-11-13T14:15:53","modified_gmt":"2025-11-13T14:15:53","slug":"pudliszki-bigos-z-miesem-i-kielbasa","status":"publish","type":"product","link":"http:\/\/www.polskismak.nl\/index.php\/product\/pudliszki-bigos-z-miesem-i-kielbasa\/","title":{"rendered":"Pudliszki Bigos z mi\u0119sem i kie\u0142bas\u0105"},"content":{"rendered":"<p>SK\u0141ADNIKI I ALERGENY (wyst\u0119puj\u0105ce w sk\u0142adzie alergeny oznaczono pogrubion\u0105 czcionk\u0105 i wielkimi literami):<br \/>\nSk\u0142ad: kapusta kwaszona 34%, kapusta bia\u0142a \u015bwie\u017ca 29%, mi\u0119so wieprzowe 15%, podgardle wieprzowe w\u0119dzone 6% (podgardle wieprzowe, s\u00f3l, b\u0142onnik bambusowy), woda, kie\u0142basa 5% (mi\u0119so wieprzowe , skrobia ziemniaczana, b\u0142onnik pszenny , przyprawy, \u0399\u03ab\u039f\u039c\u0391\u03a5 \u0392\u0399\u0391\u03b9\u039b\u0391 \u03a4\u039f\u0399, glukoza), cebula 4%, koncentrat pomidorowy 3%, powid\u0142a \u015bliwkowe, smalec wieprzowy, cukier, grzyby le\u015bne 0,3%, przyprawy, przyprawa smakowa [maltodekstryna, s\u00f3l, olej rzepakowy, warzywa, ekstrakt dro\u017cd\u017cowy, aromat, wzmacniacze smaku (5&#8242;-rybonukleotydy disodowe), regulator kwasowo\u015bci (kwas cytrynowy)], czosnek<\/p>\n","protected":false},"excerpt":{"rendered":"<p>SK\u0141ADNIKI I ALERGENY (wyst\u0119puj\u0105ce w sk\u0142adzie alergeny oznaczono pogrubion\u0105 czcionk\u0105 i wielkimi literami): Sk\u0142ad: kapusta kwaszona 34%, kapusta bia\u0142a \u015bwie\u017ca 29%, mi\u0119so wieprzowe 15%, podgardle wieprzowe w\u0119dzone 6% (podgardle wieprzowe, s\u00f3l, b\u0142onnik bambusowy), woda, kie\u0142basa 5% (mi\u0119so wieprzowe , skrobia ziemniaczana, b\u0142onnik pszenny , przyprawy, \u0399\u03ab\u039f\u039c\u0391\u03a5 \u0392\u0399\u0391\u03b9\u039b\u0391 \u03a4\u039f\u0399, glukoza), cebula 4%, koncentrat pomidorowy 3%, powid\u0142a [&hellip;]<\/p>\n","protected":false},"featured_media":11271,"template":"","meta":[],"product_brand":[],"product_cat":[142,143],"product_tag":[],"class_list":{"0":"post-11318","1":"product","2":"type-product","3":"status-publish","4":"has-post-thumbnail","6":"product_cat-gotowe-dania","7":"product_cat-gotowe-posilki","9":"first","10":"instock","11":"taxable","12":"shipping-taxable","13":"purchasable","14":"product-type-simple"},"_links":{"self":[{"href":"http:\/\/www.polskismak.nl\/index.php\/wp-json\/wp\/v2\/product\/11318","targetHints":{"allow":["GET"]}}],"collection":[{"href":"http:\/\/www.polskismak.nl\/index.php\/wp-json\/wp\/v2\/product"}],"about":[{"href":"http:\/\/www.polskismak.nl\/index.php\/wp-json\/wp\/v2\/types\/product"}],"wp:featuredmedia":[{"embeddable":true,"href":"http:\/\/www.polskismak.nl\/index.php\/wp-json\/wp\/v2\/media\/11271"}],"wp:attachment":[{"href":"http:\/\/www.polskismak.nl\/index.php\/wp-json\/wp\/v2\/media?parent=11318"}],"wp:term":[{"taxonomy":"product_brand","embeddable":true,"href":"http:\/\/www.polskismak.nl\/index.php\/wp-json\/wp\/v2\/product_brand?post=11318"},{"taxonomy":"product_cat","embeddable":true,"href":"http:\/\/www.polskismak.nl\/index.php\/wp-json\/wp\/v2\/product_cat?post=11318"},{"taxonomy":"product_tag","embeddable":true,"href":"http:\/\/www.polskismak.nl\/index.php\/wp-json\/wp\/v2\/product_tag?post=11318"}],"curies":[{"name":"wp","href":"https:\/\/api.w.org\/{rel}","templated":true}]}}