{"id":11336,"date":"2024-07-10T14:42:56","date_gmt":"2024-07-10T14:42:56","guid":{"rendered":"https:\/\/www.polskismak.nl\/?post_type=product&#038;p=11336"},"modified":"2024-07-17T09:53:58","modified_gmt":"2024-07-17T09:53:58","slug":"spichlerz-rusiecki-miesiwo-w-sosie-wlasnym","status":"publish","type":"product","link":"http:\/\/www.polskismak.nl\/index.php\/product\/spichlerz-rusiecki-miesiwo-w-sosie-wlasnym\/","title":{"rendered":"Spichlerz Rusiecki Mi\u0119siwo w sosie w\u0142asnym"},"content":{"rendered":"<p>Sk\u0142adniki: Mi\u0119so wieprzowe 91%, woda, s\u00f3l, cukier, wzmacniacze smaku: glutaminian monosodowy, 5\u2019-rybonukleotydy disodowe; warzywa suszone w zmiennych proporcjach (pasternak, marchew, cebula, czosnek, na\u0107 pietruszki, pomidor w proszku), ekstrakt dro\u017cd\u017cowy, przyprawy, substancja \u017celuj\u0105ca: przetworzone wodorosty morskie z gatunku eucheuma, stabilizator: trifosforany sodu; cukier karmelizowany, suszony koncentrat soku z cytryny, aromat.<\/p>\n","protected":false},"excerpt":{"rendered":"<p>Sk\u0142adniki: Mi\u0119so wieprzowe 91%, woda, s\u00f3l, cukier, wzmacniacze smaku: glutaminian monosodowy, 5\u2019-rybonukleotydy disodowe; warzywa suszone w zmiennych proporcjach (pasternak, marchew, cebula, czosnek, na\u0107 pietruszki, pomidor w proszku), ekstrakt dro\u017cd\u017cowy, przyprawy, substancja \u017celuj\u0105ca: przetworzone wodorosty morskie z gatunku eucheuma, stabilizator: trifosforany sodu; cukier karmelizowany, suszony koncentrat soku z cytryny, aromat.<\/p>\n","protected":false},"featured_media":11292,"template":"","meta":[],"product_brand":[],"product_cat":[122,119],"product_tag":[],"class_list":{"0":"post-11336","1":"product","2":"type-product","3":"status-publish","4":"has-post-thumbnail","6":"product_cat-konserwy-miesne-i-pasztety","7":"product_cat-przetwory","9":"first","10":"instock","11":"taxable","12":"shipping-taxable","13":"purchasable","14":"product-type-simple"},"_links":{"self":[{"href":"http:\/\/www.polskismak.nl\/index.php\/wp-json\/wp\/v2\/product\/11336","targetHints":{"allow":["GET"]}}],"collection":[{"href":"http:\/\/www.polskismak.nl\/index.php\/wp-json\/wp\/v2\/product"}],"about":[{"href":"http:\/\/www.polskismak.nl\/index.php\/wp-json\/wp\/v2\/types\/product"}],"wp:featuredmedia":[{"embeddable":true,"href":"http:\/\/www.polskismak.nl\/index.php\/wp-json\/wp\/v2\/media\/11292"}],"wp:attachment":[{"href":"http:\/\/www.polskismak.nl\/index.php\/wp-json\/wp\/v2\/media?parent=11336"}],"wp:term":[{"taxonomy":"product_brand","embeddable":true,"href":"http:\/\/www.polskismak.nl\/index.php\/wp-json\/wp\/v2\/product_brand?post=11336"},{"taxonomy":"product_cat","embeddable":true,"href":"http:\/\/www.polskismak.nl\/index.php\/wp-json\/wp\/v2\/product_cat?post=11336"},{"taxonomy":"product_tag","embeddable":true,"href":"http:\/\/www.polskismak.nl\/index.php\/wp-json\/wp\/v2\/product_tag?post=11336"}],"curies":[{"name":"wp","href":"https:\/\/api.w.org\/{rel}","templated":true}]}}