{"id":11343,"date":"2024-07-12T14:27:49","date_gmt":"2024-07-12T14:27:49","guid":{"rendered":"https:\/\/www.polskismak.nl\/?post_type=product&#038;p=11343"},"modified":"2025-11-13T13:57:13","modified_gmt":"2025-11-13T13:57:13","slug":"mielonka-miesna","status":"publish","type":"product","link":"http:\/\/www.polskismak.nl\/index.php\/product\/mielonka-miesna\/","title":{"rendered":"Mielonka mi\u0119sna"},"content":{"rendered":"<p>Sk\u0142adniki: woda, mi\u0119so wieprzowe 20%, mi\u0119so oddzielone mechanicznie wieprzowe, sk\u00f3rki wieprzowe, skrobia ziemniaczana, m\u0105ka pszenna(gluten), s\u00f3l, przyprawy (gorczyca, seler), ekstrakty przypraw (soja), aromaty, b\u0142onnik pszenny (gluten), stabilizatory: E450, E451; wzmacniacz smaku: E621, przeciwutleniacz: E300, hydrolizat bia\u0142ka sojowego, ekstrakt dro\u017cd\u017cowy, substancja konserwuj\u0105ca: E250.<\/p>\n<p> zalecenia dla alergik\u00f3w: produkt mo\u017ce zawiera\u0107 \u015bladowe ilo\u015bci bia\u0142ka drobiowego i wo\u0142owego.<\/p>\n","protected":false},"excerpt":{"rendered":"<p>Sk\u0142adniki: woda, mi\u0119so wieprzowe 20%, mi\u0119so oddzielone mechanicznie wieprzowe, sk\u00f3rki wieprzowe, skrobia ziemniaczana, m\u0105ka pszenna(gluten), s\u00f3l, przyprawy (gorczyca, seler), ekstrakty przypraw (soja), aromaty, b\u0142onnik pszenny (gluten), stabilizatory: E450, E451; wzmacniacz smaku: E621, przeciwutleniacz: E300, hydrolizat bia\u0142ka sojowego, ekstrakt dro\u017cd\u017cowy, substancja konserwuj\u0105ca: E250. zalecenia dla alergik\u00f3w: produkt mo\u017ce zawiera\u0107 \u015bladowe ilo\u015bci bia\u0142ka drobiowego i wo\u0142owego.<\/p>\n","protected":false},"featured_media":11296,"template":"","meta":[],"product_brand":[],"product_cat":[122,119],"product_tag":[],"class_list":{"0":"post-11343","1":"product","2":"type-product","3":"status-publish","4":"has-post-thumbnail","6":"product_cat-konserwy-miesne-i-pasztety","7":"product_cat-przetwory","9":"first","10":"onbackorder","11":"taxable","12":"shipping-taxable","13":"purchasable","14":"product-type-simple"},"_links":{"self":[{"href":"http:\/\/www.polskismak.nl\/index.php\/wp-json\/wp\/v2\/product\/11343","targetHints":{"allow":["GET"]}}],"collection":[{"href":"http:\/\/www.polskismak.nl\/index.php\/wp-json\/wp\/v2\/product"}],"about":[{"href":"http:\/\/www.polskismak.nl\/index.php\/wp-json\/wp\/v2\/types\/product"}],"wp:featuredmedia":[{"embeddable":true,"href":"http:\/\/www.polskismak.nl\/index.php\/wp-json\/wp\/v2\/media\/11296"}],"wp:attachment":[{"href":"http:\/\/www.polskismak.nl\/index.php\/wp-json\/wp\/v2\/media?parent=11343"}],"wp:term":[{"taxonomy":"product_brand","embeddable":true,"href":"http:\/\/www.polskismak.nl\/index.php\/wp-json\/wp\/v2\/product_brand?post=11343"},{"taxonomy":"product_cat","embeddable":true,"href":"http:\/\/www.polskismak.nl\/index.php\/wp-json\/wp\/v2\/product_cat?post=11343"},{"taxonomy":"product_tag","embeddable":true,"href":"http:\/\/www.polskismak.nl\/index.php\/wp-json\/wp\/v2\/product_tag?post=11343"}],"curies":[{"name":"wp","href":"https:\/\/api.w.org\/{rel}","templated":true}]}}