{"id":11355,"date":"2024-07-13T11:03:49","date_gmt":"2024-07-13T11:03:49","guid":{"rendered":"https:\/\/www.polskismak.nl\/?post_type=product&#038;p=11355"},"modified":"2025-11-13T13:56:02","modified_gmt":"2025-11-13T13:56:02","slug":"filety-z-makreli-w-oleju","status":"publish","type":"product","link":"http:\/\/www.polskismak.nl\/index.php\/product\/filety-z-makreli-w-oleju\/","title":{"rendered":"Filety z makreli w oleju"},"content":{"rendered":"<p>Sk\u0142adniki<br \/>\nfilety z makreli 60% (ryba*** Scomber Scombrus (SS) lub Scomber Japonikus (SJ), obszar po\u0142owu: P\u00f3\u0142nocno-Wschodni Atlantyk FAO 27 lub \u015arodkowo-Wschodni Atlantyk FAO 34 lub Ocean Spokojny FAO 61, metoda po\u0142owu: w\u0142ok pelagiczny (wp) lub sie\u0107 skrzelowa (ss) lub okr\u0119\u017cnica (o)), olej rzepakowy, s\u00f3l, *** nazwa \u0142aci\u0144ska, obszar i metoda po\u0142owu wskazane w numerze partii po literze P<br \/>\nMo\u017ce zawiera\u0107: gluten, gorczyc\u0119, mleko, jaja, seler, soj\u0119.<\/p>\n","protected":false},"excerpt":{"rendered":"<p>Sk\u0142adniki filety z makreli 60% (ryba*** Scomber Scombrus (SS) lub Scomber Japonikus (SJ), obszar po\u0142owu: P\u00f3\u0142nocno-Wschodni Atlantyk FAO 27 lub \u015arodkowo-Wschodni Atlantyk FAO 34 lub Ocean Spokojny FAO 61, metoda po\u0142owu: w\u0142ok pelagiczny (wp) lub sie\u0107 skrzelowa (ss) lub okr\u0119\u017cnica (o)), olej rzepakowy, s\u00f3l, *** nazwa \u0142aci\u0144ska, obszar i metoda po\u0142owu wskazane w numerze partii [&hellip;]<\/p>\n","protected":false},"featured_media":11305,"template":"","meta":[],"product_brand":[],"product_cat":[121,119],"product_tag":[],"class_list":{"0":"post-11355","1":"product","2":"type-product","3":"status-publish","4":"has-post-thumbnail","6":"product_cat-konserwy-rybne","7":"product_cat-przetwory","9":"first","10":"instock","11":"taxable","12":"shipping-taxable","13":"purchasable","14":"product-type-simple"},"_links":{"self":[{"href":"http:\/\/www.polskismak.nl\/index.php\/wp-json\/wp\/v2\/product\/11355","targetHints":{"allow":["GET"]}}],"collection":[{"href":"http:\/\/www.polskismak.nl\/index.php\/wp-json\/wp\/v2\/product"}],"about":[{"href":"http:\/\/www.polskismak.nl\/index.php\/wp-json\/wp\/v2\/types\/product"}],"wp:featuredmedia":[{"embeddable":true,"href":"http:\/\/www.polskismak.nl\/index.php\/wp-json\/wp\/v2\/media\/11305"}],"wp:attachment":[{"href":"http:\/\/www.polskismak.nl\/index.php\/wp-json\/wp\/v2\/media?parent=11355"}],"wp:term":[{"taxonomy":"product_brand","embeddable":true,"href":"http:\/\/www.polskismak.nl\/index.php\/wp-json\/wp\/v2\/product_brand?post=11355"},{"taxonomy":"product_cat","embeddable":true,"href":"http:\/\/www.polskismak.nl\/index.php\/wp-json\/wp\/v2\/product_cat?post=11355"},{"taxonomy":"product_tag","embeddable":true,"href":"http:\/\/www.polskismak.nl\/index.php\/wp-json\/wp\/v2\/product_tag?post=11355"}],"curies":[{"name":"wp","href":"https:\/\/api.w.org\/{rel}","templated":true}]}}