{"id":11573,"date":"2024-08-07T11:12:34","date_gmt":"2024-08-07T11:12:34","guid":{"rendered":"https:\/\/www.polskismak.nl\/?post_type=product&#038;p=11573"},"modified":"2025-01-23T13:00:03","modified_gmt":"2025-01-23T13:00:03","slug":"barszcz-czerwony-amino","status":"publish","type":"product","link":"http:\/\/www.polskismak.nl\/index.php\/product\/barszcz-czerwony-amino\/","title":{"rendered":"Barszcz czerwony Amino"},"content":{"rendered":"<p>Sk\u0142adniki<br \/>\nkluski (80 %): m\u0105ka PSZENNA, olej s\u0142onecznikowy (17 %), skrobia modyfikowana, s\u00f3l, cukier, olej rzepakowy, ekstrakt kurkumy<\/p>\n<p>mieszanka smakowa (20 %): cukier, maltodektryna, sok z czerwonego buraka w proszku (13,8 %), s\u00f3l jodowana, wzmacniacze smaku: glutaminian monosodowy, inozynian disodowy, guanylan disodowy; mineralna s\u00f3l potasowa, kwas: kwas cytrynowy; majeranek\u00b9 (0,9 %), pieprz (0,7 %), czosnek\u00b9 (0,6 %), s\u00f3l, aromat dymu w\u0119dzarniczego, aromaty<\/p>\n<p>\u00b9Uprawiane w spos\u00f3b zr\u00f3wnowa\u017cony<\/p>\n<p>Tekst dotycz\u0105cy alergen\u00f3w<br \/>\nKluski: Mo\u017ce zawiera\u0107 \u017cyto, j\u0119czmie\u0144, owies, jaja, soj\u0119, mleko, seler, gorczyc\u0119 i \u0142ubin. Mieszanka smakowa: Mo\u017ce zawiera\u0107 pszenic\u0119, \u017cyto, j\u0119czmie\u0144, owies, jaja, soj\u0119, mleko, seler, gorczyc\u0119 i \u0142ubin.<\/p>\n","protected":false},"excerpt":{"rendered":"<p>Sk\u0142adniki kluski (80 %): m\u0105ka PSZENNA, olej s\u0142onecznikowy (17 %), skrobia modyfikowana, s\u00f3l, cukier, olej rzepakowy, ekstrakt kurkumy mieszanka smakowa (20 %): cukier, maltodektryna, sok z czerwonego buraka w proszku (13,8 %), s\u00f3l jodowana, wzmacniacze smaku: glutaminian monosodowy, inozynian disodowy, guanylan disodowy; mineralna s\u00f3l potasowa, kwas: kwas cytrynowy; majeranek\u00b9 (0,9 %), pieprz (0,7 %), czosnek\u00b9 [&hellip;]<\/p>\n","protected":false},"featured_media":11412,"template":"","meta":[],"product_brand":[],"product_cat":[142,144],"product_tag":[],"class_list":{"0":"post-11573","1":"product","2":"type-product","3":"status-publish","4":"has-post-thumbnail","6":"product_cat-gotowe-dania","7":"product_cat-zupy-i-buliony","9":"first","10":"instock","11":"taxable","12":"shipping-taxable","13":"purchasable","14":"product-type-simple"},"_links":{"self":[{"href":"http:\/\/www.polskismak.nl\/index.php\/wp-json\/wp\/v2\/product\/11573","targetHints":{"allow":["GET"]}}],"collection":[{"href":"http:\/\/www.polskismak.nl\/index.php\/wp-json\/wp\/v2\/product"}],"about":[{"href":"http:\/\/www.polskismak.nl\/index.php\/wp-json\/wp\/v2\/types\/product"}],"wp:featuredmedia":[{"embeddable":true,"href":"http:\/\/www.polskismak.nl\/index.php\/wp-json\/wp\/v2\/media\/11412"}],"wp:attachment":[{"href":"http:\/\/www.polskismak.nl\/index.php\/wp-json\/wp\/v2\/media?parent=11573"}],"wp:term":[{"taxonomy":"product_brand","embeddable":true,"href":"http:\/\/www.polskismak.nl\/index.php\/wp-json\/wp\/v2\/product_brand?post=11573"},{"taxonomy":"product_cat","embeddable":true,"href":"http:\/\/www.polskismak.nl\/index.php\/wp-json\/wp\/v2\/product_cat?post=11573"},{"taxonomy":"product_tag","embeddable":true,"href":"http:\/\/www.polskismak.nl\/index.php\/wp-json\/wp\/v2\/product_tag?post=11573"}],"curies":[{"name":"wp","href":"https:\/\/api.w.org\/{rel}","templated":true}]}}