{"id":11597,"date":"2024-08-07T11:59:56","date_gmt":"2024-08-07T11:59:56","guid":{"rendered":"https:\/\/www.polskismak.nl\/?post_type=product&#038;p=11597"},"modified":"2025-11-12T15:10:46","modified_gmt":"2025-11-12T15:10:46","slug":"podgrzybek-devaldano","status":"publish","type":"product","link":"http:\/\/www.polskismak.nl\/index.php\/product\/podgrzybek-devaldano\/","title":{"rendered":"Podgrzybek Devaldano"},"content":{"rendered":"<p>Podgrzybek marynowany<br \/>\nPRODUKT PASTERYZOWANY<\/p>\n<p>Sk\u0142adniki: podgrzybek brunatny, woda, cukier, ocet spirytusowy, cebula, s\u00f3l, przyprawy. Mo\u017ce zawiera\u0107 gorczyc\u0119.<\/p>\n","protected":false},"excerpt":{"rendered":"<p>Podgrzybek marynowany PRODUKT PASTERYZOWANY Sk\u0142adniki: podgrzybek brunatny, woda, cukier, ocet spirytusowy, cebula, s\u00f3l, przyprawy. Mo\u017ce zawiera\u0107 gorczyc\u0119.<\/p>\n","protected":false},"featured_media":11424,"template":"","meta":[],"product_brand":[],"product_cat":[125,119],"product_tag":[],"class_list":{"0":"post-11597","1":"product","2":"type-product","3":"status-publish","4":"has-post-thumbnail","6":"product_cat-inne","7":"product_cat-przetwory","9":"first","10":"instock","11":"taxable","12":"shipping-taxable","13":"purchasable","14":"product-type-simple"},"_links":{"self":[{"href":"http:\/\/www.polskismak.nl\/index.php\/wp-json\/wp\/v2\/product\/11597","targetHints":{"allow":["GET"]}}],"collection":[{"href":"http:\/\/www.polskismak.nl\/index.php\/wp-json\/wp\/v2\/product"}],"about":[{"href":"http:\/\/www.polskismak.nl\/index.php\/wp-json\/wp\/v2\/types\/product"}],"wp:featuredmedia":[{"embeddable":true,"href":"http:\/\/www.polskismak.nl\/index.php\/wp-json\/wp\/v2\/media\/11424"}],"wp:attachment":[{"href":"http:\/\/www.polskismak.nl\/index.php\/wp-json\/wp\/v2\/media?parent=11597"}],"wp:term":[{"taxonomy":"product_brand","embeddable":true,"href":"http:\/\/www.polskismak.nl\/index.php\/wp-json\/wp\/v2\/product_brand?post=11597"},{"taxonomy":"product_cat","embeddable":true,"href":"http:\/\/www.polskismak.nl\/index.php\/wp-json\/wp\/v2\/product_cat?post=11597"},{"taxonomy":"product_tag","embeddable":true,"href":"http:\/\/www.polskismak.nl\/index.php\/wp-json\/wp\/v2\/product_tag?post=11597"}],"curies":[{"name":"wp","href":"https:\/\/api.w.org\/{rel}","templated":true}]}}