{"id":11742,"date":"2024-09-04T11:22:05","date_gmt":"2024-09-04T11:22:05","guid":{"rendered":"https:\/\/www.polskismak.nl\/?post_type=product&#038;p=11742"},"modified":"2025-01-22T14:13:30","modified_gmt":"2025-01-22T14:13:30","slug":"kamyki-orzechowe","status":"publish","type":"product","link":"http:\/\/www.polskismak.nl\/index.php\/product\/kamyki-orzechowe\/","title":{"rendered":"Kamyki Orzechowe"},"content":{"rendered":"<p>Sk\u0142adniki<br \/>\norzeszki arachidowe 51,4%, cukier, syrop glukozowy, koncentraty ro\u015blinne (krokosz barwierski, cytryna, marchew, spirulina, s\u0142odki ziemniak, rzodkiewka, jab\u0142ko), barwnik: ekstrakt z papryki, substancje glazuruj\u0105ce: E 553b, E 901, olej ro\u015blinne (kokosowy, rzepakowy, palmowy) w zmiennych proporcjach, aromaty<\/p>\n<p>Tekst dotycz\u0105cy alergen\u00f3w<br \/>\nMo\u017ce zawiera\u0107 inne orzechy, mleko i gluten.<\/p>\n","protected":false},"excerpt":{"rendered":"<p>Sk\u0142adniki orzeszki arachidowe 51,4%, cukier, syrop glukozowy, koncentraty ro\u015blinne (krokosz barwierski, cytryna, marchew, spirulina, s\u0142odki ziemniak, rzodkiewka, jab\u0142ko), barwnik: ekstrakt z papryki, substancje glazuruj\u0105ce: E 553b, E 901, olej ro\u015blinne (kokosowy, rzepakowy, palmowy) w zmiennych proporcjach, aromaty Tekst dotycz\u0105cy alergen\u00f3w Mo\u017ce zawiera\u0107 inne orzechy, mleko i gluten.<\/p>\n","protected":false},"featured_media":11517,"template":"","meta":[],"product_brand":[],"product_cat":[106,103],"product_tag":[],"class_list":{"0":"post-11742","1":"product","2":"type-product","3":"status-publish","4":"has-post-thumbnail","6":"product_cat-cukierki","7":"product_cat-slodycze-i-przekaski","9":"first","10":"instock","11":"taxable","12":"shipping-taxable","13":"purchasable","14":"product-type-simple"},"_links":{"self":[{"href":"http:\/\/www.polskismak.nl\/index.php\/wp-json\/wp\/v2\/product\/11742","targetHints":{"allow":["GET"]}}],"collection":[{"href":"http:\/\/www.polskismak.nl\/index.php\/wp-json\/wp\/v2\/product"}],"about":[{"href":"http:\/\/www.polskismak.nl\/index.php\/wp-json\/wp\/v2\/types\/product"}],"wp:featuredmedia":[{"embeddable":true,"href":"http:\/\/www.polskismak.nl\/index.php\/wp-json\/wp\/v2\/media\/11517"}],"wp:attachment":[{"href":"http:\/\/www.polskismak.nl\/index.php\/wp-json\/wp\/v2\/media?parent=11742"}],"wp:term":[{"taxonomy":"product_brand","embeddable":true,"href":"http:\/\/www.polskismak.nl\/index.php\/wp-json\/wp\/v2\/product_brand?post=11742"},{"taxonomy":"product_cat","embeddable":true,"href":"http:\/\/www.polskismak.nl\/index.php\/wp-json\/wp\/v2\/product_cat?post=11742"},{"taxonomy":"product_tag","embeddable":true,"href":"http:\/\/www.polskismak.nl\/index.php\/wp-json\/wp\/v2\/product_tag?post=11742"}],"curies":[{"name":"wp","href":"https:\/\/api.w.org\/{rel}","templated":true}]}}