{"id":12011,"date":"2024-09-11T14:33:55","date_gmt":"2024-09-11T14:33:55","guid":{"rendered":"https:\/\/www.polskismak.nl\/?post_type=product&#038;p=12011"},"modified":"2025-01-22T12:58:43","modified_gmt":"2025-01-22T12:58:43","slug":"rurki-waflowe-waniliowe","status":"publish","type":"product","link":"http:\/\/www.polskismak.nl\/index.php\/product\/rurki-waflowe-waniliowe\/","title":{"rendered":"Rurki waflowe waniliowe"},"content":{"rendered":"<p>Sk\u0142adniki:<\/p>\n<p>cukier, t\u0142uszcz palmowy, m\u0105ka pszenna, mleko w proszku odt\u0142uszczone, serwatka (z mleka) w proszku, glukoza, m\u0105ka pszenna cz\u0119\u015bciowo skleikowana, barwnik: karmel amoniakalny (E150c), aromat, emulgator: lecytyny (z soi), s\u00f3l. Produkt mo\u017ce zawiera\u0107: orzeszki ararchidowe, orzechy laskowe, inne orzechy, jaja oraz nasiona sezamu.<\/p>\n","protected":false},"excerpt":{"rendered":"<p>Sk\u0142adniki: cukier, t\u0142uszcz palmowy, m\u0105ka pszenna, mleko w proszku odt\u0142uszczone, serwatka (z mleka) w proszku, glukoza, m\u0105ka pszenna cz\u0119\u015bciowo skleikowana, barwnik: karmel amoniakalny (E150c), aromat, emulgator: lecytyny (z soi), s\u00f3l. Produkt mo\u017ce zawiera\u0107: orzeszki ararchidowe, orzechy laskowe, inne orzechy, jaja oraz nasiona sezamu.<\/p>\n","protected":false},"featured_media":11768,"template":"","meta":[],"product_brand":[],"product_cat":[104,103],"product_tag":[],"class_list":{"0":"post-12011","1":"product","2":"type-product","3":"status-publish","4":"has-post-thumbnail","6":"product_cat-ciastka-i-pierniki","7":"product_cat-slodycze-i-przekaski","9":"first","10":"instock","11":"taxable","12":"shipping-taxable","13":"purchasable","14":"product-type-simple"},"_links":{"self":[{"href":"http:\/\/www.polskismak.nl\/index.php\/wp-json\/wp\/v2\/product\/12011","targetHints":{"allow":["GET"]}}],"collection":[{"href":"http:\/\/www.polskismak.nl\/index.php\/wp-json\/wp\/v2\/product"}],"about":[{"href":"http:\/\/www.polskismak.nl\/index.php\/wp-json\/wp\/v2\/types\/product"}],"wp:featuredmedia":[{"embeddable":true,"href":"http:\/\/www.polskismak.nl\/index.php\/wp-json\/wp\/v2\/media\/11768"}],"wp:attachment":[{"href":"http:\/\/www.polskismak.nl\/index.php\/wp-json\/wp\/v2\/media?parent=12011"}],"wp:term":[{"taxonomy":"product_brand","embeddable":true,"href":"http:\/\/www.polskismak.nl\/index.php\/wp-json\/wp\/v2\/product_brand?post=12011"},{"taxonomy":"product_cat","embeddable":true,"href":"http:\/\/www.polskismak.nl\/index.php\/wp-json\/wp\/v2\/product_cat?post=12011"},{"taxonomy":"product_tag","embeddable":true,"href":"http:\/\/www.polskismak.nl\/index.php\/wp-json\/wp\/v2\/product_tag?post=12011"}],"curies":[{"name":"wp","href":"https:\/\/api.w.org\/{rel}","templated":true}]}}