{"id":12064,"date":"2024-09-18T12:24:13","date_gmt":"2024-09-18T12:24:13","guid":{"rendered":"https:\/\/www.polskismak.nl\/?post_type=product&#038;p=12064"},"modified":"2025-10-01T13:43:10","modified_gmt":"2025-10-01T13:43:10","slug":"herbapol-herbata-szalwia","status":"publish","type":"product","link":"http:\/\/www.polskismak.nl\/index.php\/product\/herbapol-herbata-szalwia\/","title":{"rendered":"Herbapol herbata Sza\u0142wia"},"content":{"rendered":"<p>Sk\u0142ad: li\u015b\u0107 sza\u0142wii (Salviae folium)<\/p>\n","protected":false},"excerpt":{"rendered":"<p>Sk\u0142ad: li\u015b\u0107 sza\u0142wii (Salviae folium)<\/p>\n","protected":false},"featured_media":11839,"template":"","meta":[],"product_brand":[],"product_cat":[152,150],"product_tag":[],"class_list":{"0":"post-12064","1":"product","2":"type-product","3":"status-publish","4":"has-post-thumbnail","6":"product_cat-herbata","7":"product_cat-kawa-i-herbata","9":"first","10":"instock","11":"taxable","12":"shipping-taxable","13":"purchasable","14":"product-type-simple"},"_links":{"self":[{"href":"http:\/\/www.polskismak.nl\/index.php\/wp-json\/wp\/v2\/product\/12064","targetHints":{"allow":["GET"]}}],"collection":[{"href":"http:\/\/www.polskismak.nl\/index.php\/wp-json\/wp\/v2\/product"}],"about":[{"href":"http:\/\/www.polskismak.nl\/index.php\/wp-json\/wp\/v2\/types\/product"}],"wp:featuredmedia":[{"embeddable":true,"href":"http:\/\/www.polskismak.nl\/index.php\/wp-json\/wp\/v2\/media\/11839"}],"wp:attachment":[{"href":"http:\/\/www.polskismak.nl\/index.php\/wp-json\/wp\/v2\/media?parent=12064"}],"wp:term":[{"taxonomy":"product_brand","embeddable":true,"href":"http:\/\/www.polskismak.nl\/index.php\/wp-json\/wp\/v2\/product_brand?post=12064"},{"taxonomy":"product_cat","embeddable":true,"href":"http:\/\/www.polskismak.nl\/index.php\/wp-json\/wp\/v2\/product_cat?post=12064"},{"taxonomy":"product_tag","embeddable":true,"href":"http:\/\/www.polskismak.nl\/index.php\/wp-json\/wp\/v2\/product_tag?post=12064"}],"curies":[{"name":"wp","href":"https:\/\/api.w.org\/{rel}","templated":true}]}}