{"id":12183,"date":"2024-09-25T13:56:00","date_gmt":"2024-09-25T13:56:00","guid":{"rendered":"https:\/\/www.polskismak.nl\/?post_type=product&#038;p=12183"},"modified":"2025-10-01T13:28:30","modified_gmt":"2025-10-01T13:28:30","slug":"zurawina-do-mies-i-serow","status":"publish","type":"product","link":"http:\/\/www.polskismak.nl\/index.php\/product\/zurawina-do-mies-i-serow\/","title":{"rendered":"\u017burawina do mi\u0119s i ser\u00f3w"},"content":{"rendered":"<h3>Sk\u0142adniki<\/h3>\n<p>\u017curawiny (42%)<\/p>\n<p>cukier<\/p>\n<p>woda<\/p>\n<p>substancja \u017celuj\u0105ca &#8211; pektyny<\/p>\n<p>substancje zag\u0119szczaj\u0105ce &#8211; guma guar i m\u0105czka chleba \u015bwi\u0119toja\u0144skiego<\/p>\n<p>regulatory kwasowo\u015bci &#8211; kwas cytrynowy, cytryniany sodu i mleczan wapnia<\/p>\n<p>przeciwutleniacz &#8211; kwas askorbinowy<\/p>\n<p>Sporz\u0105dzono z 42 g owoc\u00f3w na 100 g produktu<\/p>\n","protected":false},"excerpt":{"rendered":"<p>Sk\u0142adniki \u017curawiny (42%) cukier woda substancja \u017celuj\u0105ca &#8211; pektyny substancje zag\u0119szczaj\u0105ce &#8211; guma guar i m\u0105czka chleba \u015bwi\u0119toja\u0144skiego regulatory kwasowo\u015bci &#8211; kwas cytrynowy, cytryniany sodu i mleczan wapnia przeciwutleniacz &#8211; kwas askorbinowy Sporz\u0105dzono z 42 g owoc\u00f3w na 100 g produktu<\/p>\n","protected":false},"featured_media":11940,"template":"","meta":[],"product_brand":[],"product_cat":[128,126],"product_tag":[],"class_list":{"0":"post-12183","1":"product","2":"type-product","3":"status-publish","4":"has-post-thumbnail","6":"product_cat-dzemy-i-marmolady","7":"product_cat-slodkie-przetwory","9":"first","10":"instock","11":"taxable","12":"shipping-taxable","13":"purchasable","14":"product-type-simple"},"_links":{"self":[{"href":"http:\/\/www.polskismak.nl\/index.php\/wp-json\/wp\/v2\/product\/12183","targetHints":{"allow":["GET"]}}],"collection":[{"href":"http:\/\/www.polskismak.nl\/index.php\/wp-json\/wp\/v2\/product"}],"about":[{"href":"http:\/\/www.polskismak.nl\/index.php\/wp-json\/wp\/v2\/types\/product"}],"wp:featuredmedia":[{"embeddable":true,"href":"http:\/\/www.polskismak.nl\/index.php\/wp-json\/wp\/v2\/media\/11940"}],"wp:attachment":[{"href":"http:\/\/www.polskismak.nl\/index.php\/wp-json\/wp\/v2\/media?parent=12183"}],"wp:term":[{"taxonomy":"product_brand","embeddable":true,"href":"http:\/\/www.polskismak.nl\/index.php\/wp-json\/wp\/v2\/product_brand?post=12183"},{"taxonomy":"product_cat","embeddable":true,"href":"http:\/\/www.polskismak.nl\/index.php\/wp-json\/wp\/v2\/product_cat?post=12183"},{"taxonomy":"product_tag","embeddable":true,"href":"http:\/\/www.polskismak.nl\/index.php\/wp-json\/wp\/v2\/product_tag?post=12183"}],"curies":[{"name":"wp","href":"https:\/\/api.w.org\/{rel}","templated":true}]}}