{"id":661,"date":"2019-03-18T15:09:05","date_gmt":"2019-03-18T15:09:05","guid":{"rendered":"http:\/\/www.polskismak.nl\/?post_type=product&#038;p=661"},"modified":"2025-01-29T13:01:06","modified_gmt":"2025-01-29T13:01:06","slug":"lowicz-vleesschotel-met-groenten-en-gerstgrutten-in-saus","status":"publish","type":"product","link":"http:\/\/www.polskismak.nl\/index.php\/product\/lowicz-vleesschotel-met-groenten-en-gerstgrutten-in-saus\/","title":{"rendered":"\u0141owicz kocio\u0142ek \u0142owicki  \u0141owicz vleesschotel met groenten en gerstgrutten in saus"},"content":{"rendered":"","protected":false},"excerpt":{"rendered":"<p>580g<\/p>\n","protected":false},"featured_media":662,"template":"","meta":[],"product_brand":[],"product_cat":[142,143],"product_tag":[],"class_list":{"0":"post-661","1":"product","2":"type-product","3":"status-publish","4":"has-post-thumbnail","6":"product_cat-gotowe-dania","7":"product_cat-gotowe-posilki","9":"first","10":"outofstock","11":"taxable","12":"shipping-taxable","13":"purchasable","14":"product-type-simple"},"_links":{"self":[{"href":"http:\/\/www.polskismak.nl\/index.php\/wp-json\/wp\/v2\/product\/661","targetHints":{"allow":["GET"]}}],"collection":[{"href":"http:\/\/www.polskismak.nl\/index.php\/wp-json\/wp\/v2\/product"}],"about":[{"href":"http:\/\/www.polskismak.nl\/index.php\/wp-json\/wp\/v2\/types\/product"}],"wp:featuredmedia":[{"embeddable":true,"href":"http:\/\/www.polskismak.nl\/index.php\/wp-json\/wp\/v2\/media\/662"}],"wp:attachment":[{"href":"http:\/\/www.polskismak.nl\/index.php\/wp-json\/wp\/v2\/media?parent=661"}],"wp:term":[{"taxonomy":"product_brand","embeddable":true,"href":"http:\/\/www.polskismak.nl\/index.php\/wp-json\/wp\/v2\/product_brand?post=661"},{"taxonomy":"product_cat","embeddable":true,"href":"http:\/\/www.polskismak.nl\/index.php\/wp-json\/wp\/v2\/product_cat?post=661"},{"taxonomy":"product_tag","embeddable":true,"href":"http:\/\/www.polskismak.nl\/index.php\/wp-json\/wp\/v2\/product_tag?post=661"}],"curies":[{"name":"wp","href":"https:\/\/api.w.org\/{rel}","templated":true}]}}