{"id":10145,"date":"2024-04-16T10:24:28","date_gmt":"2024-04-16T10:24:28","guid":{"rendered":"https:\/\/www.polskismak.nl\/?post_type=product&#038;p=10145"},"modified":"2024-07-04T13:15:23","modified_gmt":"2024-07-04T13:15:23","slug":"tymbark-pina-colada","status":"publish","type":"product","link":"https:\/\/www.polskismak.nl\/index.php\/product\/tymbark-pina-colada\/","title":{"rendered":"Tymbark PinaColada"},"content":{"rendered":"<p>[:pl]<b>Sk\u0142ad:<\/b>\u00a0woda, soki z zag\u0119szczonych sok\u00f3w z : jab\u0142ek (11 %) i ananas\u00f3w (4 %) przecier bananowy (4 %), cukier, sok z kokos\u00f3w z zag\u0119szczonego soku (1 %), regulator kwasowo\u015bci &#8211; kwas cytrynowy, aromaty, stabilizator -karboksymetyloceluloza, przeciwutleniacz \u2013 kwas askorbinowy, substancja s\u0142odz\u0105ca\u2013 sukraloza.<\/p>\n<p>1 l<\/p>\n<p>Waga: 1060 g[:nl]Ingredi\u00ebnten: water, sappen uit geconcentreerd appelsap (11%) en ananas (4%), bananenpuree (4%), suiker, kokossap uit geconcentreerd sap (1%), zuurteregelaar &#8211; citroenzuur, aroma&#8217;s, stabilisator &#8211; carboxymethylcellulose , antioxidant &#8211; ascorbinezuur, zoetstof &#8211; sucralose.<\/p>\n<p>1 jaar<\/p>\n<p>Gewicht: 1060 gram[:]<\/p>\n","protected":false},"excerpt":{"rendered":"<p>[:pl]Sk\u0142ad:\u00a0woda, soki z zag\u0119szczonych sok\u00f3w z : jab\u0142ek (11 %) i ananas\u00f3w (4 %) przecier bananowy (4 %), cukier, sok z kokos\u00f3w z zag\u0119szczonego soku (1 %), regulator kwasowo\u015bci &#8211; kwas cytrynowy, aromaty, stabilizator -karboksymetyloceluloza, przeciwutleniacz \u2013 kwas askorbinowy, substancja s\u0142odz\u0105ca\u2013 sukraloza. 1 l Waga: 1060 g[:nl]Ingredi\u00ebnten: water, sappen uit geconcentreerd appelsap (11%) en ananas [&hellip;]<\/p>\n","protected":false},"featured_media":10136,"template":"","meta":[],"product_brand":[],"product_cat":[130,131],"product_tag":[],"class_list":{"0":"post-10145","1":"product","2":"type-product","3":"status-publish","4":"has-post-thumbnail","6":"product_cat-napoje","7":"product_cat-napoje-napoje","9":"first","10":"outofstock","11":"taxable","12":"shipping-taxable","13":"purchasable","14":"product-type-simple"},"_links":{"self":[{"href":"https:\/\/www.polskismak.nl\/index.php\/wp-json\/wp\/v2\/product\/10145","targetHints":{"allow":["GET"]}}],"collection":[{"href":"https:\/\/www.polskismak.nl\/index.php\/wp-json\/wp\/v2\/product"}],"about":[{"href":"https:\/\/www.polskismak.nl\/index.php\/wp-json\/wp\/v2\/types\/product"}],"wp:featuredmedia":[{"embeddable":true,"href":"https:\/\/www.polskismak.nl\/index.php\/wp-json\/wp\/v2\/media\/10136"}],"wp:attachment":[{"href":"https:\/\/www.polskismak.nl\/index.php\/wp-json\/wp\/v2\/media?parent=10145"}],"wp:term":[{"taxonomy":"product_brand","embeddable":true,"href":"https:\/\/www.polskismak.nl\/index.php\/wp-json\/wp\/v2\/product_brand?post=10145"},{"taxonomy":"product_cat","embeddable":true,"href":"https:\/\/www.polskismak.nl\/index.php\/wp-json\/wp\/v2\/product_cat?post=10145"},{"taxonomy":"product_tag","embeddable":true,"href":"https:\/\/www.polskismak.nl\/index.php\/wp-json\/wp\/v2\/product_tag?post=10145"}],"curies":[{"name":"wp","href":"https:\/\/api.w.org\/{rel}","templated":true}]}}