{"id":10224,"date":"2024-04-26T12:56:51","date_gmt":"2024-04-26T12:56:51","guid":{"rendered":"https:\/\/www.polskismak.nl\/?post_type=product&#038;p=10224"},"modified":"2024-07-04T11:55:31","modified_gmt":"2024-07-04T11:55:31","slug":"winiary-pomysl-na-zapiekanka-makaronowa-z-szynka","status":"publish","type":"product","link":"https:\/\/www.polskismak.nl\/index.php\/product\/winiary-pomysl-na-zapiekanka-makaronowa-z-szynka\/","title":{"rendered":"Winiary Pomys\u0142 na&#8230; zapiekanka makaronowa z szynk\u0105"},"content":{"rendered":"<p>[:pl]<a href=\"http:\/\/www.polskismak.nl\/wp-content\/uploads\/2024\/04\/IMG_6387-scaled.jpg\"><img loading=\"lazy\" decoding=\"async\" class=\"alignnone size-medium wp-image-10189\" src=\"http:\/\/www.polskismak.nl\/wp-content\/uploads\/2024\/04\/IMG_6387-200x300.jpg\" alt=\"\" width=\"200\" height=\"300\" srcset=\"https:\/\/www.polskismak.nl\/wp-content\/uploads\/2024\/04\/IMG_6387-200x300.jpg 200w, https:\/\/www.polskismak.nl\/wp-content\/uploads\/2024\/04\/IMG_6387-scaled.jpg 1707w\" sizes=\"auto, (max-width: 200px) 100vw, 200px\" \/><\/a><a href=\"http:\/\/www.polskismak.nl\/wp-content\/uploads\/2024\/04\/IMG_6388-scaled.jpg\"><img loading=\"lazy\" decoding=\"async\" class=\"alignnone size-medium wp-image-10190\" src=\"http:\/\/www.polskismak.nl\/wp-content\/uploads\/2024\/04\/IMG_6388-200x300.jpg\" alt=\"\" width=\"200\" height=\"300\" srcset=\"https:\/\/www.polskismak.nl\/wp-content\/uploads\/2024\/04\/IMG_6388-200x300.jpg 200w, https:\/\/www.polskismak.nl\/wp-content\/uploads\/2024\/04\/IMG_6388-scaled.jpg 1707w\" sizes=\"auto, (max-width: 200px) 100vw, 200px\" \/><\/a><\/p>\n<p>Sk\u0142ad: m\u0105ka pszenna*, skrobia ziemniaczana*, suszone warzywa 11,0 % (cebula*, czosnek*), s\u00f3l, odt\u0142uszczone mleko w proszku*, ekstrakt dro\u017cd\u017cy*, aromaty, zio\u0142a 2,6 % (szczypiorek*, li\u015b\u0107 pietruszki*, majeranek*, tymianek*) ga\u0142ka muszkato\u0142owa, *olej palmowy,*naturalne sk\u0142adniki[:nl]<a href=\"http:\/\/www.polskismak.nl\/wp-content\/uploads\/2024\/04\/IMG_6387-scaled.jpg\"><img loading=\"lazy\" decoding=\"async\" class=\"alignnone size-medium wp-image-10189\" src=\"http:\/\/www.polskismak.nl\/wp-content\/uploads\/2024\/04\/IMG_6387-200x300.jpg\" alt=\"\" width=\"200\" height=\"300\" srcset=\"https:\/\/www.polskismak.nl\/wp-content\/uploads\/2024\/04\/IMG_6387-200x300.jpg 200w, https:\/\/www.polskismak.nl\/wp-content\/uploads\/2024\/04\/IMG_6387-scaled.jpg 1707w\" sizes=\"auto, (max-width: 200px) 100vw, 200px\" \/><\/a><a href=\"http:\/\/www.polskismak.nl\/wp-content\/uploads\/2024\/04\/IMG_6388-scaled.jpg\"><img loading=\"lazy\" decoding=\"async\" class=\"alignnone size-medium wp-image-10190\" src=\"http:\/\/www.polskismak.nl\/wp-content\/uploads\/2024\/04\/IMG_6388-200x300.jpg\" alt=\"\" width=\"200\" height=\"300\" srcset=\"https:\/\/www.polskismak.nl\/wp-content\/uploads\/2024\/04\/IMG_6388-200x300.jpg 200w, https:\/\/www.polskismak.nl\/wp-content\/uploads\/2024\/04\/IMG_6388-scaled.jpg 1707w\" sizes=\"auto, (max-width: 200px) 100vw, 200px\" \/><\/a><\/p>\n<p>Ingredi\u00ebnten: tarwebloem*, aardappelzetmeel*, gedroogde groenten 11,0% (ui*, knoflook*), zout, magere melkpoeder*, gistextract*, aroma&#8217;s, kruiden 2,6% (bieslook*, peterselieblad*, marjolein*, tijm *) nootmuskaat, *palmolie,*natuurlijke ingredi\u00ebnten[:]<\/p>\n","protected":false},"excerpt":{"rendered":"<p>[:pl] Sk\u0142ad: m\u0105ka pszenna*, skrobia ziemniaczana*, suszone warzywa 11,0 % (cebula*, czosnek*), s\u00f3l, odt\u0142uszczone mleko w proszku*, ekstrakt dro\u017cd\u017cy*, aromaty, zio\u0142a 2,6 % (szczypiorek*, li\u015b\u0107 pietruszki*, majeranek*, tymianek*) ga\u0142ka muszkato\u0142owa, *olej palmowy,*naturalne sk\u0142adniki[:nl] Ingredi\u00ebnten: tarwebloem*, aardappelzetmeel*, gedroogde groenten 11,0% (ui*, knoflook*), zout, magere melkpoeder*, gistextract*, aroma&#8217;s, kruiden 2,6% (bieslook*, peterselieblad*, marjolein*, tijm *) nootmuskaat, *palmolie,*natuurlijke [&hellip;]<\/p>\n","protected":false},"featured_media":10189,"template":"","meta":[],"product_brand":[],"product_cat":[146,148],"product_tag":[],"class_list":{"0":"post-10224","1":"product","2":"type-product","3":"status-publish","4":"has-post-thumbnail","6":"product_cat-przyprawy-i-sosy","7":"product_cat-sosy","9":"first","10":"onbackorder","11":"taxable","12":"shipping-taxable","13":"purchasable","14":"product-type-simple"},"_links":{"self":[{"href":"https:\/\/www.polskismak.nl\/index.php\/wp-json\/wp\/v2\/product\/10224","targetHints":{"allow":["GET"]}}],"collection":[{"href":"https:\/\/www.polskismak.nl\/index.php\/wp-json\/wp\/v2\/product"}],"about":[{"href":"https:\/\/www.polskismak.nl\/index.php\/wp-json\/wp\/v2\/types\/product"}],"wp:featuredmedia":[{"embeddable":true,"href":"https:\/\/www.polskismak.nl\/index.php\/wp-json\/wp\/v2\/media\/10189"}],"wp:attachment":[{"href":"https:\/\/www.polskismak.nl\/index.php\/wp-json\/wp\/v2\/media?parent=10224"}],"wp:term":[{"taxonomy":"product_brand","embeddable":true,"href":"https:\/\/www.polskismak.nl\/index.php\/wp-json\/wp\/v2\/product_brand?post=10224"},{"taxonomy":"product_cat","embeddable":true,"href":"https:\/\/www.polskismak.nl\/index.php\/wp-json\/wp\/v2\/product_cat?post=10224"},{"taxonomy":"product_tag","embeddable":true,"href":"https:\/\/www.polskismak.nl\/index.php\/wp-json\/wp\/v2\/product_tag?post=10224"}],"curies":[{"name":"wp","href":"https:\/\/api.w.org\/{rel}","templated":true}]}}