{"id":10227,"date":"2024-04-26T13:12:48","date_gmt":"2024-04-26T13:12:48","guid":{"rendered":"https:\/\/www.polskismak.nl\/?post_type=product&#038;p=10227"},"modified":"2024-07-04T12:04:22","modified_gmt":"2024-07-04T12:04:22","slug":"winiary-pomysl-na-bolonski-garnek","status":"publish","type":"product","link":"https:\/\/www.polskismak.nl\/index.php\/product\/winiary-pomysl-na-bolonski-garnek\/","title":{"rendered":"Winiary Pomys\u0142 na&#8230; garnek bolo\u0144ski"},"content":{"rendered":"<p>[:pl]<a href=\"http:\/\/www.polskismak.nl\/wp-content\/uploads\/2024\/04\/IMG_6393-scaled.jpg\"><img loading=\"lazy\" decoding=\"async\" class=\"alignnone size-medium wp-image-10195\" src=\"http:\/\/www.polskismak.nl\/wp-content\/uploads\/2024\/04\/IMG_6393-200x300.jpg\" alt=\"\" width=\"200\" height=\"300\" srcset=\"https:\/\/www.polskismak.nl\/wp-content\/uploads\/2024\/04\/IMG_6393-200x300.jpg 200w, https:\/\/www.polskismak.nl\/wp-content\/uploads\/2024\/04\/IMG_6393-scaled.jpg 1707w\" sizes=\"auto, (max-width: 200px) 100vw, 200px\" \/><\/a><a href=\"http:\/\/www.polskismak.nl\/wp-content\/uploads\/2024\/04\/IMG_6394-scaled.jpg\"><img loading=\"lazy\" decoding=\"async\" class=\"alignnone size-medium wp-image-10196\" src=\"http:\/\/www.polskismak.nl\/wp-content\/uploads\/2024\/04\/IMG_6394-200x300.jpg\" alt=\"\" width=\"200\" height=\"300\" srcset=\"https:\/\/www.polskismak.nl\/wp-content\/uploads\/2024\/04\/IMG_6394-200x300.jpg 200w, https:\/\/www.polskismak.nl\/wp-content\/uploads\/2024\/04\/IMG_6394-scaled.jpg 1707w\" sizes=\"auto, (max-width: 200px) 100vw, 200px\" \/><\/a><\/p>\n<p>Sk\u0142ad: suszone warzywa (pomidor 24,6%, cebula 8,65%, czosnek 7,9%), skrobia ziemniaczana, s\u00f3l, cukier, m\u0105ka pszenna , zio\u0142a 3,2% (oregano, bazylia, tymianek, majeranek), aromaty, pieprz czarny, olej palmowy, ekstrakt dro\u017cd\u017cy, kwas (kwas cytrynowy).<\/p>\n<p>Mo\u017ce zawiera\u0107: jaja, soj\u0119, mleko, seler, gorczyc\u0119.[:nl]<a href=\"http:\/\/www.polskismak.nl\/wp-content\/uploads\/2024\/04\/IMG_6393-scaled.jpg\"><img loading=\"lazy\" decoding=\"async\" class=\"alignnone size-medium wp-image-10195\" src=\"http:\/\/www.polskismak.nl\/wp-content\/uploads\/2024\/04\/IMG_6393-200x300.jpg\" alt=\"\" width=\"200\" height=\"300\" srcset=\"https:\/\/www.polskismak.nl\/wp-content\/uploads\/2024\/04\/IMG_6393-200x300.jpg 200w, https:\/\/www.polskismak.nl\/wp-content\/uploads\/2024\/04\/IMG_6393-scaled.jpg 1707w\" sizes=\"auto, (max-width: 200px) 100vw, 200px\" \/><\/a><a href=\"http:\/\/www.polskismak.nl\/wp-content\/uploads\/2024\/04\/IMG_6394-scaled.jpg\"><img loading=\"lazy\" decoding=\"async\" class=\"alignnone size-medium wp-image-10196\" src=\"http:\/\/www.polskismak.nl\/wp-content\/uploads\/2024\/04\/IMG_6394-200x300.jpg\" alt=\"\" width=\"200\" height=\"300\" srcset=\"https:\/\/www.polskismak.nl\/wp-content\/uploads\/2024\/04\/IMG_6394-200x300.jpg 200w, https:\/\/www.polskismak.nl\/wp-content\/uploads\/2024\/04\/IMG_6394-scaled.jpg 1707w\" sizes=\"auto, (max-width: 200px) 100vw, 200px\" \/><\/a><\/p>\n<p>Ingredi\u00ebnten: gedroogde groenten (tomaat 24,6%, ui 8,65%, knoflook 7,9%), aardappelzetmeel, zout, suiker, tarwebloem, kruiden 3,2% (oregano, basilicum, tijm, marjolein), aroma&#8217;s, zwarte peper, palmolie, gist extract, zuur (citroenzuur).<\/p>\n<p>Kan bevatten: eieren, soja, melk, selderij, mosterd.[:]<\/p>\n","protected":false},"excerpt":{"rendered":"<p>[:pl] Sk\u0142ad: suszone warzywa (pomidor 24,6%, cebula 8,65%, czosnek 7,9%), skrobia ziemniaczana, s\u00f3l, cukier, m\u0105ka pszenna , zio\u0142a 3,2% (oregano, bazylia, tymianek, majeranek), aromaty, pieprz czarny, olej palmowy, ekstrakt dro\u017cd\u017cy, kwas (kwas cytrynowy). Mo\u017ce zawiera\u0107: jaja, soj\u0119, mleko, seler, gorczyc\u0119.[:nl] Ingredi\u00ebnten: gedroogde groenten (tomaat 24,6%, ui 8,65%, knoflook 7,9%), aardappelzetmeel, zout, suiker, tarwebloem, kruiden 3,2% [&hellip;]<\/p>\n","protected":false},"featured_media":10195,"template":"","meta":[],"product_brand":[],"product_cat":[149,146,148],"product_tag":[],"class_list":{"0":"post-10227","1":"product","2":"type-product","3":"status-publish","4":"has-post-thumbnail","6":"product_cat-inne-przyprawy-i-sosy","7":"product_cat-przyprawy-i-sosy","8":"product_cat-sosy","10":"first","11":"instock","12":"taxable","13":"shipping-taxable","14":"purchasable","15":"product-type-simple"},"_links":{"self":[{"href":"https:\/\/www.polskismak.nl\/index.php\/wp-json\/wp\/v2\/product\/10227","targetHints":{"allow":["GET"]}}],"collection":[{"href":"https:\/\/www.polskismak.nl\/index.php\/wp-json\/wp\/v2\/product"}],"about":[{"href":"https:\/\/www.polskismak.nl\/index.php\/wp-json\/wp\/v2\/types\/product"}],"wp:featuredmedia":[{"embeddable":true,"href":"https:\/\/www.polskismak.nl\/index.php\/wp-json\/wp\/v2\/media\/10195"}],"wp:attachment":[{"href":"https:\/\/www.polskismak.nl\/index.php\/wp-json\/wp\/v2\/media?parent=10227"}],"wp:term":[{"taxonomy":"product_brand","embeddable":true,"href":"https:\/\/www.polskismak.nl\/index.php\/wp-json\/wp\/v2\/product_brand?post=10227"},{"taxonomy":"product_cat","embeddable":true,"href":"https:\/\/www.polskismak.nl\/index.php\/wp-json\/wp\/v2\/product_cat?post=10227"},{"taxonomy":"product_tag","embeddable":true,"href":"https:\/\/www.polskismak.nl\/index.php\/wp-json\/wp\/v2\/product_tag?post=10227"}],"curies":[{"name":"wp","href":"https:\/\/api.w.org\/{rel}","templated":true}]}}