{"id":10396,"date":"2024-05-03T12:12:45","date_gmt":"2024-05-03T12:12:45","guid":{"rendered":"https:\/\/www.polskismak.nl\/?post_type=product&#038;p=10396"},"modified":"2024-06-27T15:47:51","modified_gmt":"2024-06-27T15:47:51","slug":"otreby-owsiane","status":"publish","type":"product","link":"https:\/\/www.polskismak.nl\/index.php\/product\/otreby-owsiane\/","title":{"rendered":"Otr\u0119by owsiane Sante"},"content":{"rendered":"<p>[:pl]Otr\u0119by owsiane stabilizowane. Produkt zawiera gluten. Mo\u017ce zawiera\u0107 \u015bladowe ilo\u015bci soi oraz mleka. Masa: 150g[:nl]Gestabiliseerde haverzemelen. Het product bevat gluten. Kan sporen van soja en melk bevatten. Gewicht: 150g[:]<\/p>\n","protected":false},"excerpt":{"rendered":"<p>[:pl]Otr\u0119by owsiane stabilizowane. Produkt zawiera gluten. Mo\u017ce zawiera\u0107 \u015bladowe ilo\u015bci soi oraz mleka. Masa: 150g[:nl]Gestabiliseerde haverzemelen. Het product bevat gluten. Kan sporen van soja en melk bevatten. Gewicht: 150g[:]<\/p>\n","protected":false},"featured_media":10338,"template":"","meta":[],"product_brand":[],"product_cat":[141,136],"product_tag":[],"class_list":{"0":"post-10396","1":"product","2":"type-product","3":"status-publish","4":"has-post-thumbnail","6":"product_cat-inne-produkty-sypkie","7":"product_cat-produkty-sypkie","9":"first","10":"instock","11":"taxable","12":"shipping-taxable","13":"purchasable","14":"product-type-simple"},"_links":{"self":[{"href":"https:\/\/www.polskismak.nl\/index.php\/wp-json\/wp\/v2\/product\/10396","targetHints":{"allow":["GET"]}}],"collection":[{"href":"https:\/\/www.polskismak.nl\/index.php\/wp-json\/wp\/v2\/product"}],"about":[{"href":"https:\/\/www.polskismak.nl\/index.php\/wp-json\/wp\/v2\/types\/product"}],"wp:featuredmedia":[{"embeddable":true,"href":"https:\/\/www.polskismak.nl\/index.php\/wp-json\/wp\/v2\/media\/10338"}],"wp:attachment":[{"href":"https:\/\/www.polskismak.nl\/index.php\/wp-json\/wp\/v2\/media?parent=10396"}],"wp:term":[{"taxonomy":"product_brand","embeddable":true,"href":"https:\/\/www.polskismak.nl\/index.php\/wp-json\/wp\/v2\/product_brand?post=10396"},{"taxonomy":"product_cat","embeddable":true,"href":"https:\/\/www.polskismak.nl\/index.php\/wp-json\/wp\/v2\/product_cat?post=10396"},{"taxonomy":"product_tag","embeddable":true,"href":"https:\/\/www.polskismak.nl\/index.php\/wp-json\/wp\/v2\/product_tag?post=10396"}],"curies":[{"name":"wp","href":"https:\/\/api.w.org\/{rel}","templated":true}]}}