{"id":10427,"date":"2024-05-03T13:56:33","date_gmt":"2024-05-03T13:56:33","guid":{"rendered":"https:\/\/www.polskismak.nl\/?post_type=product&#038;p=10427"},"modified":"2024-06-27T11:41:30","modified_gmt":"2024-06-27T11:41:30","slug":"zelatyna","status":"publish","type":"product","link":"https:\/\/www.polskismak.nl\/index.php\/product\/zelatyna\/","title":{"rendered":"\u017belatyna"},"content":{"rendered":"<p>[:pl]\u017belatyna spo\u017cywcza zwyk\u0142a pochodzenia wieprzowego[:nl]Gewone voedselgelatine van varkensoorsprong[:]<\/p>\n","protected":false},"excerpt":{"rendered":"<p>[:pl]\u017belatyna spo\u017cywcza zwyk\u0142a pochodzenia wieprzowego[:nl]Gewone voedselgelatine van varkensoorsprong[:]<\/p>\n","protected":false},"featured_media":10370,"template":"","meta":[],"product_brand":[],"product_cat":[141,136],"product_tag":[],"class_list":{"0":"post-10427","1":"product","2":"type-product","3":"status-publish","4":"has-post-thumbnail","6":"product_cat-inne-produkty-sypkie","7":"product_cat-produkty-sypkie","9":"first","10":"instock","11":"taxable","12":"shipping-taxable","13":"purchasable","14":"product-type-simple"},"_links":{"self":[{"href":"https:\/\/www.polskismak.nl\/index.php\/wp-json\/wp\/v2\/product\/10427","targetHints":{"allow":["GET"]}}],"collection":[{"href":"https:\/\/www.polskismak.nl\/index.php\/wp-json\/wp\/v2\/product"}],"about":[{"href":"https:\/\/www.polskismak.nl\/index.php\/wp-json\/wp\/v2\/types\/product"}],"wp:featuredmedia":[{"embeddable":true,"href":"https:\/\/www.polskismak.nl\/index.php\/wp-json\/wp\/v2\/media\/10370"}],"wp:attachment":[{"href":"https:\/\/www.polskismak.nl\/index.php\/wp-json\/wp\/v2\/media?parent=10427"}],"wp:term":[{"taxonomy":"product_brand","embeddable":true,"href":"https:\/\/www.polskismak.nl\/index.php\/wp-json\/wp\/v2\/product_brand?post=10427"},{"taxonomy":"product_cat","embeddable":true,"href":"https:\/\/www.polskismak.nl\/index.php\/wp-json\/wp\/v2\/product_cat?post=10427"},{"taxonomy":"product_tag","embeddable":true,"href":"https:\/\/www.polskismak.nl\/index.php\/wp-json\/wp\/v2\/product_tag?post=10427"}],"curies":[{"name":"wp","href":"https:\/\/api.w.org\/{rel}","templated":true}]}}