{"id":11204,"date":"2024-06-27T20:21:52","date_gmt":"2024-06-27T20:21:52","guid":{"rendered":"https:\/\/www.polskismak.nl\/?post_type=product&#038;p=11204"},"modified":"2025-01-23T10:53:55","modified_gmt":"2025-01-23T10:53:55","slug":"prymat-przypraw-do-bigosu","status":"publish","type":"product","link":"https:\/\/www.polskismak.nl\/index.php\/product\/prymat-przypraw-do-bigosu\/","title":{"rendered":"Prymat Przypraw do bigosu"},"content":{"rendered":"<p>Sk\u0142adniki: s\u00f3l, papryka s\u0142odka, cukier, kminek (9%), pieprz czarny, nasiona kolendry (2%), gorczyca bia\u0142a, majeranek (1,1%), owoc ja\u0142owca, li\u015b\u0107 laurowy, ziele angielskie, papryka ostra.<br \/>\nProfil alergenny<br \/>\nProdukt mo\u017ce zawiera\u0107: jaja, mleko (\u0142\u0105cznie z laktoz\u0105), soj\u0119, seler i orzeszki ziemne.<\/p>\n","protected":false},"excerpt":{"rendered":"<p>Sk\u0142adniki: s\u00f3l, papryka s\u0142odka, cukier, kminek (9%), pieprz czarny, nasiona kolendry (2%), gorczyca bia\u0142a, majeranek (1,1%), owoc ja\u0142owca, li\u015b\u0107 laurowy, ziele angielskie, papryka ostra. Profil alergenny Produkt mo\u017ce zawiera\u0107: jaja, mleko (\u0142\u0105cznie z laktoz\u0105), soj\u0119, seler i orzeszki ziemne.<\/p>\n","protected":false},"featured_media":11091,"template":"","meta":[],"product_brand":[],"product_cat":[147,146],"product_tag":[],"class_list":{"0":"post-11204","1":"product","2":"type-product","3":"status-publish","4":"has-post-thumbnail","6":"product_cat-przyprawy","7":"product_cat-przyprawy-i-sosy","9":"first","10":"instock","11":"taxable","12":"shipping-taxable","13":"purchasable","14":"product-type-simple"},"_links":{"self":[{"href":"https:\/\/www.polskismak.nl\/index.php\/wp-json\/wp\/v2\/product\/11204","targetHints":{"allow":["GET"]}}],"collection":[{"href":"https:\/\/www.polskismak.nl\/index.php\/wp-json\/wp\/v2\/product"}],"about":[{"href":"https:\/\/www.polskismak.nl\/index.php\/wp-json\/wp\/v2\/types\/product"}],"wp:featuredmedia":[{"embeddable":true,"href":"https:\/\/www.polskismak.nl\/index.php\/wp-json\/wp\/v2\/media\/11091"}],"wp:attachment":[{"href":"https:\/\/www.polskismak.nl\/index.php\/wp-json\/wp\/v2\/media?parent=11204"}],"wp:term":[{"taxonomy":"product_brand","embeddable":true,"href":"https:\/\/www.polskismak.nl\/index.php\/wp-json\/wp\/v2\/product_brand?post=11204"},{"taxonomy":"product_cat","embeddable":true,"href":"https:\/\/www.polskismak.nl\/index.php\/wp-json\/wp\/v2\/product_cat?post=11204"},{"taxonomy":"product_tag","embeddable":true,"href":"https:\/\/www.polskismak.nl\/index.php\/wp-json\/wp\/v2\/product_tag?post=11204"}],"curies":[{"name":"wp","href":"https:\/\/api.w.org\/{rel}","templated":true}]}}