{"id":11252,"date":"2024-07-03T14:02:11","date_gmt":"2024-07-03T14:02:11","guid":{"rendered":"https:\/\/www.polskismak.nl\/?post_type=product&#038;p=11252"},"modified":"2025-01-23T13:36:06","modified_gmt":"2025-01-23T13:36:06","slug":"sos-pomidorowy","status":"publish","type":"product","link":"https:\/\/www.polskismak.nl\/index.php\/product\/sos-pomidorowy\/","title":{"rendered":"Sos pomidorowy"},"content":{"rendered":"<p>Suszone warzywa 31,8% (pomidor 28,7%, czerwona papryka*), cukier*, m\u0105ka pszenna*, skrobia ziemniaczana*, s\u00f3l, olej palmowy, aromaty, zag\u0119szczony sok z buraka*, skrobia kukurydziana*, bazylia* 0,2%, kwas (kwas cytrynowy), pieprz czarny*.<\/p>\n","protected":false},"excerpt":{"rendered":"<p>Suszone warzywa 31,8% (pomidor 28,7%, czerwona papryka*), cukier*, m\u0105ka pszenna*, skrobia ziemniaczana*, s\u00f3l, olej palmowy, aromaty, zag\u0119szczony sok z buraka*, skrobia kukurydziana*, bazylia* 0,2%, kwas (kwas cytrynowy), pieprz czarny*.<\/p>\n","protected":false},"featured_media":11123,"template":"","meta":[],"product_brand":[],"product_cat":[146,148],"product_tag":[],"class_list":{"0":"post-11252","1":"product","2":"type-product","3":"status-publish","4":"has-post-thumbnail","6":"product_cat-przyprawy-i-sosy","7":"product_cat-sosy","9":"first","10":"instock","11":"taxable","12":"shipping-taxable","13":"purchasable","14":"product-type-simple"},"_links":{"self":[{"href":"https:\/\/www.polskismak.nl\/index.php\/wp-json\/wp\/v2\/product\/11252","targetHints":{"allow":["GET"]}}],"collection":[{"href":"https:\/\/www.polskismak.nl\/index.php\/wp-json\/wp\/v2\/product"}],"about":[{"href":"https:\/\/www.polskismak.nl\/index.php\/wp-json\/wp\/v2\/types\/product"}],"wp:featuredmedia":[{"embeddable":true,"href":"https:\/\/www.polskismak.nl\/index.php\/wp-json\/wp\/v2\/media\/11123"}],"wp:attachment":[{"href":"https:\/\/www.polskismak.nl\/index.php\/wp-json\/wp\/v2\/media?parent=11252"}],"wp:term":[{"taxonomy":"product_brand","embeddable":true,"href":"https:\/\/www.polskismak.nl\/index.php\/wp-json\/wp\/v2\/product_brand?post=11252"},{"taxonomy":"product_cat","embeddable":true,"href":"https:\/\/www.polskismak.nl\/index.php\/wp-json\/wp\/v2\/product_cat?post=11252"},{"taxonomy":"product_tag","embeddable":true,"href":"https:\/\/www.polskismak.nl\/index.php\/wp-json\/wp\/v2\/product_tag?post=11252"}],"curies":[{"name":"wp","href":"https:\/\/api.w.org\/{rel}","templated":true}]}}