{"id":11728,"date":"2024-09-04T10:56:32","date_gmt":"2024-09-04T10:56:32","guid":{"rendered":"https:\/\/www.polskismak.nl\/?post_type=product&#038;p=11728"},"modified":"2025-01-22T14:36:04","modified_gmt":"2025-01-22T14:36:04","slug":"draze-korsarze-kokosowe","status":"publish","type":"product","link":"https:\/\/www.polskismak.nl\/index.php\/product\/draze-korsarze-kokosowe\/","title":{"rendered":"Dra\u017ce Korsarze Kokosowe"},"content":{"rendered":"<p>Sk\u0142adniki: cukier, polewa kakaowa 17,9% [cukier, cz\u0119\u015bciowo utwardzone t\u0142uszcze ro\u015blinne (palmowy, sojowy i rzepakowy), kakao o obni\u017conej zawarto\u015bci t\u0142uszczu, emulgator: lecytyny (z soi), aromat], wi\u00f3rki kokosowe 10%, serwatka w proszku, cz\u0119\u015bciowo utwardzony t\u0142uszcz palmowy, mleko w proszku odt\u0142uszczone, wafle (m\u0105ka pszenna, skrobia, olej rzepakowy, s\u00f3l), syrop glukozowy, barwnik E 150 c, substancja glazuruj\u0105ca E 414<\/p>\n<p>Tekst dotycz\u0105cy alergen\u00f3w<br \/>\nMo\u017ce zawiera\u0107 orzeszki arachidowe i orzechy.<\/p>\n<p>Zalecenia dla alergik\u00f3w:<br \/>\nMleko\tZawiera<br \/>\nOrzechy\tMo\u017ce zawiera\u0107<br \/>\nOrzeszki ziemne\tMo\u017ce zawiera\u0107<br \/>\nSoja\tZawiera<br \/>\nPszenica\tZawiera<\/p>\n","protected":false},"excerpt":{"rendered":"<p>Sk\u0142adniki: cukier, polewa kakaowa 17,9% [cukier, cz\u0119\u015bciowo utwardzone t\u0142uszcze ro\u015blinne (palmowy, sojowy i rzepakowy), kakao o obni\u017conej zawarto\u015bci t\u0142uszczu, emulgator: lecytyny (z soi), aromat], wi\u00f3rki kokosowe 10%, serwatka w proszku, cz\u0119\u015bciowo utwardzony t\u0142uszcz palmowy, mleko w proszku odt\u0142uszczone, wafle (m\u0105ka pszenna, skrobia, olej rzepakowy, s\u00f3l), syrop glukozowy, barwnik E 150 c, substancja glazuruj\u0105ca E 414 [&hellip;]<\/p>\n","protected":false},"featured_media":11509,"template":"","meta":[],"product_brand":[],"product_cat":[106,103],"product_tag":[],"class_list":{"0":"post-11728","1":"product","2":"type-product","3":"status-publish","4":"has-post-thumbnail","6":"product_cat-cukierki","7":"product_cat-slodycze-i-przekaski","9":"first","10":"instock","11":"taxable","12":"shipping-taxable","13":"purchasable","14":"product-type-simple"},"_links":{"self":[{"href":"https:\/\/www.polskismak.nl\/index.php\/wp-json\/wp\/v2\/product\/11728","targetHints":{"allow":["GET"]}}],"collection":[{"href":"https:\/\/www.polskismak.nl\/index.php\/wp-json\/wp\/v2\/product"}],"about":[{"href":"https:\/\/www.polskismak.nl\/index.php\/wp-json\/wp\/v2\/types\/product"}],"wp:featuredmedia":[{"embeddable":true,"href":"https:\/\/www.polskismak.nl\/index.php\/wp-json\/wp\/v2\/media\/11509"}],"wp:attachment":[{"href":"https:\/\/www.polskismak.nl\/index.php\/wp-json\/wp\/v2\/media?parent=11728"}],"wp:term":[{"taxonomy":"product_brand","embeddable":true,"href":"https:\/\/www.polskismak.nl\/index.php\/wp-json\/wp\/v2\/product_brand?post=11728"},{"taxonomy":"product_cat","embeddable":true,"href":"https:\/\/www.polskismak.nl\/index.php\/wp-json\/wp\/v2\/product_cat?post=11728"},{"taxonomy":"product_tag","embeddable":true,"href":"https:\/\/www.polskismak.nl\/index.php\/wp-json\/wp\/v2\/product_tag?post=11728"}],"curies":[{"name":"wp","href":"https:\/\/api.w.org\/{rel}","templated":true}]}}