{"id":11730,"date":"2024-09-04T11:00:05","date_gmt":"2024-09-04T11:00:05","guid":{"rendered":"https:\/\/www.polskismak.nl\/?post_type=product&#038;p=11730"},"modified":"2025-11-12T14:56:06","modified_gmt":"2025-11-12T14:56:06","slug":"zozole-cytrynowe","status":"publish","type":"product","link":"https:\/\/www.polskismak.nl\/index.php\/product\/zozole-cytrynowe\/","title":{"rendered":"Zozole Cytrynowe"},"content":{"rendered":"<p>Zozole<\/p>\n<p>Karmelki o smaku cytrynowym i pomara\u0144czowym z nadzieniem musuj\u0105cym.<\/p>\n<p>cukier, syrop glukozowy, regulatory kwasowo\u015bci: kwas cytrynowy, wodorow\u0119glan sodu, cytryniany sodu, koncentraty sok\u00f3w owocowych (0,1 %): cytrynowy, pomara\u0144czowy, aromaty, barwniki: kurkumina, ekstrakt z papryki<\/p>\n<p>Zawiera: Barwniki<br \/>\nSmaki \/ Aromaty: Barwniki<br \/>\nMleko: Mo\u017ce zawiera\u0107<br \/>\nSoja: Mo\u017ce zawiera\u0107<\/p>\n","protected":false},"excerpt":{"rendered":"<p>Zozole Karmelki o smaku cytrynowym i pomara\u0144czowym z nadzieniem musuj\u0105cym. cukier, syrop glukozowy, regulatory kwasowo\u015bci: kwas cytrynowy, wodorow\u0119glan sodu, cytryniany sodu, koncentraty sok\u00f3w owocowych (0,1 %): cytrynowy, pomara\u0144czowy, aromaty, barwniki: kurkumina, ekstrakt z papryki Zawiera: Barwniki Smaki \/ Aromaty: Barwniki Mleko: Mo\u017ce zawiera\u0107 Soja: Mo\u017ce zawiera\u0107<\/p>\n","protected":false},"featured_media":11510,"template":"","meta":[],"product_brand":[],"product_cat":[106,103],"product_tag":[],"class_list":{"0":"post-11730","1":"product","2":"type-product","3":"status-publish","4":"has-post-thumbnail","6":"product_cat-cukierki","7":"product_cat-slodycze-i-przekaski","9":"first","10":"instock","11":"taxable","12":"shipping-taxable","13":"purchasable","14":"product-type-simple"},"_links":{"self":[{"href":"https:\/\/www.polskismak.nl\/index.php\/wp-json\/wp\/v2\/product\/11730","targetHints":{"allow":["GET"]}}],"collection":[{"href":"https:\/\/www.polskismak.nl\/index.php\/wp-json\/wp\/v2\/product"}],"about":[{"href":"https:\/\/www.polskismak.nl\/index.php\/wp-json\/wp\/v2\/types\/product"}],"wp:featuredmedia":[{"embeddable":true,"href":"https:\/\/www.polskismak.nl\/index.php\/wp-json\/wp\/v2\/media\/11510"}],"wp:attachment":[{"href":"https:\/\/www.polskismak.nl\/index.php\/wp-json\/wp\/v2\/media?parent=11730"}],"wp:term":[{"taxonomy":"product_brand","embeddable":true,"href":"https:\/\/www.polskismak.nl\/index.php\/wp-json\/wp\/v2\/product_brand?post=11730"},{"taxonomy":"product_cat","embeddable":true,"href":"https:\/\/www.polskismak.nl\/index.php\/wp-json\/wp\/v2\/product_cat?post=11730"},{"taxonomy":"product_tag","embeddable":true,"href":"https:\/\/www.polskismak.nl\/index.php\/wp-json\/wp\/v2\/product_tag?post=11730"}],"curies":[{"name":"wp","href":"https:\/\/api.w.org\/{rel}","templated":true}]}}