{"id":11915,"date":"2024-09-06T12:57:57","date_gmt":"2024-09-06T12:57:57","guid":{"rendered":"https:\/\/www.polskismak.nl\/?post_type=product&#038;p=11915"},"modified":"2025-11-12T14:46:52","modified_gmt":"2025-11-12T14:46:52","slug":"7days-double-max-kakao-wanilia","status":"publish","type":"product","link":"https:\/\/www.polskismak.nl\/index.php\/product\/7days-double-max-kakao-wanilia\/","title":{"rendered":"7days double MAX kakao wanilia"},"content":{"rendered":"<p>Sk\u0142adniki<\/p>\n<p>Ciasto: m\u0105ka pszenna, oleje ro\u015blinne (olej palmowy, olej s\u0142onecznikowy, olej bawe\u0142niany, olej rzepakowy), cukier, syrop glukozowo-fruktozowy, dro\u017cd\u017ce, s\u00f3l, stabilizator (mono- i diglicerydy kwas\u00f3w t\u0142uszczowych), wanilina, regulator kwasowo\u015bci (kwas cytrynowy), substancja konserwuj\u0105ca (propionian wapnia 0.1%)<\/p>\n<p>Nadzienie o smaku kakaowym 14%: olej palmowy, syrop glukozowy, cukier, kakao w proszku o obni\u017conej zawarto\u015bci t\u0142uszczu 7%, odt\u0142uszczone mleko w proszku, alkohol etylowy, emulgator (estry kwas\u00f3w t\u0142uszczowych i poliglicerolu), wanilina, substancja \u017celuj\u0105ca (alginian sodu), substancja konserwuj\u0105ca (sorbinian potasu 0.1%)<\/p>\n<p>Nadzienie o smaku waniliowym 14%: olej palmowy, syrop glukozowy, cukier, odt\u0142uszczone mleko w proszku, dekstroza, alkohol etylowy, \u017c\u00f3\u0142tko jaja w proszku, emulgator (estry kwas\u00f3w t\u0142uszczowych i poliglicerolu), stabilizator (guma celulozowa), regulatory kwasowo\u015bci (disfosforan disodowy, kwas fosforowy), aromat waniliowy 0.1%, substancja konserwuj\u0105ca (sorbinian potasu 0.1%), laktoza (mleko)<\/p>\n<p>Tekst dotycz\u0105cy alergen\u00f3w<\/p>\n<p>Mo\u017ce zawiera\u0107: orzechy i soj\u0119.<\/p>\n","protected":false},"excerpt":{"rendered":"<p>Sk\u0142adniki Ciasto: m\u0105ka pszenna, oleje ro\u015blinne (olej palmowy, olej s\u0142onecznikowy, olej bawe\u0142niany, olej rzepakowy), cukier, syrop glukozowo-fruktozowy, dro\u017cd\u017ce, s\u00f3l, stabilizator (mono- i diglicerydy kwas\u00f3w t\u0142uszczowych), wanilina, regulator kwasowo\u015bci (kwas cytrynowy), substancja konserwuj\u0105ca (propionian wapnia 0.1%) Nadzienie o smaku kakaowym 14%: olej palmowy, syrop glukozowy, cukier, kakao w proszku o obni\u017conej zawarto\u015bci t\u0142uszczu 7%, odt\u0142uszczone mleko [&hellip;]<\/p>\n","protected":false},"featured_media":11674,"template":"","meta":[],"product_brand":[],"product_cat":[103],"product_tag":[],"class_list":{"0":"post-11915","1":"product","2":"type-product","3":"status-publish","4":"has-post-thumbnail","6":"product_cat-slodycze-i-przekaski","8":"first","9":"instock","10":"taxable","11":"shipping-taxable","12":"purchasable","13":"product-type-simple"},"_links":{"self":[{"href":"https:\/\/www.polskismak.nl\/index.php\/wp-json\/wp\/v2\/product\/11915","targetHints":{"allow":["GET"]}}],"collection":[{"href":"https:\/\/www.polskismak.nl\/index.php\/wp-json\/wp\/v2\/product"}],"about":[{"href":"https:\/\/www.polskismak.nl\/index.php\/wp-json\/wp\/v2\/types\/product"}],"wp:featuredmedia":[{"embeddable":true,"href":"https:\/\/www.polskismak.nl\/index.php\/wp-json\/wp\/v2\/media\/11674"}],"wp:attachment":[{"href":"https:\/\/www.polskismak.nl\/index.php\/wp-json\/wp\/v2\/media?parent=11915"}],"wp:term":[{"taxonomy":"product_brand","embeddable":true,"href":"https:\/\/www.polskismak.nl\/index.php\/wp-json\/wp\/v2\/product_brand?post=11915"},{"taxonomy":"product_cat","embeddable":true,"href":"https:\/\/www.polskismak.nl\/index.php\/wp-json\/wp\/v2\/product_cat?post=11915"},{"taxonomy":"product_tag","embeddable":true,"href":"https:\/\/www.polskismak.nl\/index.php\/wp-json\/wp\/v2\/product_tag?post=11915"}],"curies":[{"name":"wp","href":"https:\/\/api.w.org\/{rel}","templated":true}]}}