{"id":11921,"date":"2024-09-06T14:24:02","date_gmt":"2024-09-06T14:24:02","guid":{"rendered":"https:\/\/www.polskismak.nl\/?post_type=product&#038;p=11921"},"modified":"2025-01-22T13:24:39","modified_gmt":"2025-01-22T13:24:39","slug":"cookie-crisp-450g","status":"publish","type":"product","link":"https:\/\/www.polskismak.nl\/index.php\/product\/cookie-crisp-450g\/","title":{"rendered":"Cookie Crisp 450g"},"content":{"rendered":"<p>Sk\u0142adniki<br \/>\nm\u0105ka PSZENNA pe\u0142noziarnista (34,5 %), m\u0105ka kukurydziana (28,3 %), cukier, syrop glukozowy, skrobia PSZENNA, olej s\u0142onecznikowy, m\u0105ka PSZENNA (2,4 %), kakao o obni\u017conej zawarto\u015bci t\u0142uszczu* (2 %), substancja wzbogacaj\u0105ca (sk\u0142adnik mineralny: wap\u0144), s\u00f3l, substancja spulchniaj\u0105ca: (wodorow\u0119glan sodu), aromat naturalny, przeciwutleniacz: (mieszanina tokoferoli),substancje wzbogacaj\u0105ce (sk\u0142adnik mineralny: \u017celazo, witaminy B3, B5, B2, B6, B9, D)<\/p>\n<p>*Certyfikowane Rainforest Alliance<\/p>\n<p>Do wytworzenia 100 g tego produktu u\u017cyto 34,5 g sk\u0142adnika pe\u0142noziarnistego<\/p>\n<p>Tekst dotycz\u0105cy alergen\u00f3w<br \/>\nMo\u017ce zawiera\u0107 MLEKO i ORZECHY.<\/p>\n","protected":false},"excerpt":{"rendered":"<p>Sk\u0142adniki m\u0105ka PSZENNA pe\u0142noziarnista (34,5 %), m\u0105ka kukurydziana (28,3 %), cukier, syrop glukozowy, skrobia PSZENNA, olej s\u0142onecznikowy, m\u0105ka PSZENNA (2,4 %), kakao o obni\u017conej zawarto\u015bci t\u0142uszczu* (2 %), substancja wzbogacaj\u0105ca (sk\u0142adnik mineralny: wap\u0144), s\u00f3l, substancja spulchniaj\u0105ca: (wodorow\u0119glan sodu), aromat naturalny, przeciwutleniacz: (mieszanina tokoferoli),substancje wzbogacaj\u0105ce (sk\u0142adnik mineralny: \u017celazo, witaminy B3, B5, B2, B6, B9, D) *Certyfikowane [&hellip;]<\/p>\n","protected":false},"featured_media":11677,"template":"","meta":[],"product_brand":[],"product_cat":[136,139],"product_tag":[],"class_list":{"0":"post-11921","1":"product","2":"type-product","3":"status-publish","4":"has-post-thumbnail","6":"product_cat-produkty-sypkie","7":"product_cat-platki","9":"first","10":"instock","11":"taxable","12":"shipping-taxable","13":"purchasable","14":"product-type-simple"},"_links":{"self":[{"href":"https:\/\/www.polskismak.nl\/index.php\/wp-json\/wp\/v2\/product\/11921","targetHints":{"allow":["GET"]}}],"collection":[{"href":"https:\/\/www.polskismak.nl\/index.php\/wp-json\/wp\/v2\/product"}],"about":[{"href":"https:\/\/www.polskismak.nl\/index.php\/wp-json\/wp\/v2\/types\/product"}],"wp:featuredmedia":[{"embeddable":true,"href":"https:\/\/www.polskismak.nl\/index.php\/wp-json\/wp\/v2\/media\/11677"}],"wp:attachment":[{"href":"https:\/\/www.polskismak.nl\/index.php\/wp-json\/wp\/v2\/media?parent=11921"}],"wp:term":[{"taxonomy":"product_brand","embeddable":true,"href":"https:\/\/www.polskismak.nl\/index.php\/wp-json\/wp\/v2\/product_brand?post=11921"},{"taxonomy":"product_cat","embeddable":true,"href":"https:\/\/www.polskismak.nl\/index.php\/wp-json\/wp\/v2\/product_cat?post=11921"},{"taxonomy":"product_tag","embeddable":true,"href":"https:\/\/www.polskismak.nl\/index.php\/wp-json\/wp\/v2\/product_tag?post=11921"}],"curies":[{"name":"wp","href":"https:\/\/api.w.org\/{rel}","templated":true}]}}