{"id":11997,"date":"2024-09-11T14:06:02","date_gmt":"2024-09-11T14:06:02","guid":{"rendered":"https:\/\/www.polskismak.nl\/?post_type=product&#038;p=11997"},"modified":"2025-01-22T13:03:22","modified_gmt":"2025-01-22T13:03:22","slug":"wafle-tortowe-okragle","status":"publish","type":"product","link":"https:\/\/www.polskismak.nl\/index.php\/product\/wafle-tortowe-okragle\/","title":{"rendered":"Wafle tortowe okr\u0105g\u0142e"},"content":{"rendered":"<p>Sk\u0142adniki: Sk\u0142adniki: m\u0105ka pszenna, olej ro\u015blinny rzepakowy, emulgator: lecytyna sojowa; substancje spulchniaj\u0105ce: w\u0119glany sodu; s\u00f3l.<\/p>\n","protected":false},"excerpt":{"rendered":"<p>Sk\u0142adniki: Sk\u0142adniki: m\u0105ka pszenna, olej ro\u015blinny rzepakowy, emulgator: lecytyna sojowa; substancje spulchniaj\u0105ce: w\u0119glany sodu; s\u00f3l.<\/p>\n","protected":false},"featured_media":11759,"template":"","meta":[],"product_brand":[],"product_cat":[111,109],"product_tag":[],"class_list":{"0":"post-11997","1":"product","2":"type-product","3":"status-publish","4":"has-post-thumbnail","6":"product_cat-dodatki-cukiernicze","7":"product_cat-produkty-do-pieczenia-i-desery","9":"first","10":"instock","11":"taxable","12":"shipping-taxable","13":"purchasable","14":"product-type-simple"},"_links":{"self":[{"href":"https:\/\/www.polskismak.nl\/index.php\/wp-json\/wp\/v2\/product\/11997","targetHints":{"allow":["GET"]}}],"collection":[{"href":"https:\/\/www.polskismak.nl\/index.php\/wp-json\/wp\/v2\/product"}],"about":[{"href":"https:\/\/www.polskismak.nl\/index.php\/wp-json\/wp\/v2\/types\/product"}],"wp:featuredmedia":[{"embeddable":true,"href":"https:\/\/www.polskismak.nl\/index.php\/wp-json\/wp\/v2\/media\/11759"}],"wp:attachment":[{"href":"https:\/\/www.polskismak.nl\/index.php\/wp-json\/wp\/v2\/media?parent=11997"}],"wp:term":[{"taxonomy":"product_brand","embeddable":true,"href":"https:\/\/www.polskismak.nl\/index.php\/wp-json\/wp\/v2\/product_brand?post=11997"},{"taxonomy":"product_cat","embeddable":true,"href":"https:\/\/www.polskismak.nl\/index.php\/wp-json\/wp\/v2\/product_cat?post=11997"},{"taxonomy":"product_tag","embeddable":true,"href":"https:\/\/www.polskismak.nl\/index.php\/wp-json\/wp\/v2\/product_tag?post=11997"}],"curies":[{"name":"wp","href":"https:\/\/api.w.org\/{rel}","templated":true}]}}