{"id":12024,"date":"2024-09-18T10:57:45","date_gmt":"2024-09-18T10:57:45","guid":{"rendered":"https:\/\/www.polskismak.nl\/?post_type=product&#038;p=12024"},"modified":"2025-11-12T13:23:57","modified_gmt":"2025-11-12T13:23:57","slug":"leibniz-choco-mini","status":"publish","type":"product","link":"https:\/\/www.polskismak.nl\/index.php\/product\/leibniz-choco-mini\/","title":{"rendered":"Leibniz Choco mini"},"content":{"rendered":"<p>Sk\u0142ad: m\u0105ka PSZENNA (46 %), czekolada mleczna [cukier, t\u0142uszcz kakaowy, miazga kakaowa, MLEKO w proszku odt\u0142uszczone, t\u0142uszcz MLECZNY, serwatka w proszku (MLEKO), LAKTOZA produkt serwatkowy (MLEKO), emulgator: lecytyny, aromat], cukier, olej palmowy, syrop glukozowy, serwatka w proszku (MLEKO), s\u00f3l, substancja spulchniaj\u0105ca: w\u0119glany sodu, MLEKO w proszku odt\u0142uszczone, kwas: kwas cytrynowy, JAJA w proszku, aromaty (MLEKO)<\/p>\n<p>Tekst dotycz\u0105cy alergen\u00f3w<br \/>\nMo\u017ce zawiera\u0107 MIGDA\u0141Y, ORZECHY LASKOWE.<\/p>\n","protected":false},"excerpt":{"rendered":"<p>Sk\u0142ad: m\u0105ka PSZENNA (46 %), czekolada mleczna [cukier, t\u0142uszcz kakaowy, miazga kakaowa, MLEKO w proszku odt\u0142uszczone, t\u0142uszcz MLECZNY, serwatka w proszku (MLEKO), LAKTOZA produkt serwatkowy (MLEKO), emulgator: lecytyny, aromat], cukier, olej palmowy, syrop glukozowy, serwatka w proszku (MLEKO), s\u00f3l, substancja spulchniaj\u0105ca: w\u0119glany sodu, MLEKO w proszku odt\u0142uszczone, kwas: kwas cytrynowy, JAJA w proszku, aromaty (MLEKO) [&hellip;]<\/p>\n","protected":false},"featured_media":11774,"template":"","meta":[],"product_brand":[],"product_cat":[104,103],"product_tag":[],"class_list":{"0":"post-12024","1":"product","2":"type-product","3":"status-publish","4":"has-post-thumbnail","6":"product_cat-ciastka-i-pierniki","7":"product_cat-slodycze-i-przekaski","9":"first","10":"instock","11":"taxable","12":"shipping-taxable","13":"purchasable","14":"product-type-simple"},"_links":{"self":[{"href":"https:\/\/www.polskismak.nl\/index.php\/wp-json\/wp\/v2\/product\/12024","targetHints":{"allow":["GET"]}}],"collection":[{"href":"https:\/\/www.polskismak.nl\/index.php\/wp-json\/wp\/v2\/product"}],"about":[{"href":"https:\/\/www.polskismak.nl\/index.php\/wp-json\/wp\/v2\/types\/product"}],"wp:featuredmedia":[{"embeddable":true,"href":"https:\/\/www.polskismak.nl\/index.php\/wp-json\/wp\/v2\/media\/11774"}],"wp:attachment":[{"href":"https:\/\/www.polskismak.nl\/index.php\/wp-json\/wp\/v2\/media?parent=12024"}],"wp:term":[{"taxonomy":"product_brand","embeddable":true,"href":"https:\/\/www.polskismak.nl\/index.php\/wp-json\/wp\/v2\/product_brand?post=12024"},{"taxonomy":"product_cat","embeddable":true,"href":"https:\/\/www.polskismak.nl\/index.php\/wp-json\/wp\/v2\/product_cat?post=12024"},{"taxonomy":"product_tag","embeddable":true,"href":"https:\/\/www.polskismak.nl\/index.php\/wp-json\/wp\/v2\/product_tag?post=12024"}],"curies":[{"name":"wp","href":"https:\/\/api.w.org\/{rel}","templated":true}]}}