{"id":12032,"date":"2024-09-18T11:16:19","date_gmt":"2024-09-18T11:16:19","guid":{"rendered":"https:\/\/www.polskismak.nl\/?post_type=product&#038;p=12032"},"modified":"2025-01-22T12:41:19","modified_gmt":"2025-01-22T12:41:19","slug":"lubisie-ciastko-biszkoptowe-z-nadzienie-mleczne","status":"publish","type":"product","link":"https:\/\/www.polskismak.nl\/index.php\/product\/lubisie-ciastko-biszkoptowe-z-nadzienie-mleczne\/","title":{"rendered":"Lubisie ciastko biszkoptowe z nadzienie mleczne"},"content":{"rendered":"<p>Sk\u0142adniki<br \/>\nm\u0105ka PSZENNA 23,5%, syrop glukozowo-fruktozowy, cukier, JAJA 12,5%, olej rzepakowy, stabilizator (glicerol), odt\u0142uszczone MLEKO w proszku 3,8%**, pe\u0142ne MLEKO w proszku 2,5%**, kakao w proszku o obni\u017conej zawarto\u015bci t\u0142uszczu 1,8%, skrobia PSZENNA, dekstroza, substancje spulchniaj\u0105ce (difosforany, w\u0119glany potasu), syrop glukozowy, emulgatory (E 472b, E 475, lecytyny SOJOWE), s\u00f3l, naturalny aromat waniliowy, substancja zag\u0119szczaj\u0105ca (guma guar), regulator kwasowo\u015bci (kwas cytrynowy), **ekwiwalent mleka 60%<\/p>\n<p>Tekst dotycz\u0105cy alergen\u00f3w<br \/>\nMO\u017bE ZAWIERA\u0106 ORZECHY.<\/p>\n","protected":false},"excerpt":{"rendered":"<p>Sk\u0142adniki m\u0105ka PSZENNA 23,5%, syrop glukozowo-fruktozowy, cukier, JAJA 12,5%, olej rzepakowy, stabilizator (glicerol), odt\u0142uszczone MLEKO w proszku 3,8%**, pe\u0142ne MLEKO w proszku 2,5%**, kakao w proszku o obni\u017conej zawarto\u015bci t\u0142uszczu 1,8%, skrobia PSZENNA, dekstroza, substancje spulchniaj\u0105ce (difosforany, w\u0119glany potasu), syrop glukozowy, emulgatory (E 472b, E 475, lecytyny SOJOWE), s\u00f3l, naturalny aromat waniliowy, substancja zag\u0119szczaj\u0105ca (guma [&hellip;]<\/p>\n","protected":false},"featured_media":11779,"template":"","meta":[],"product_brand":[],"product_cat":[107,103],"product_tag":[],"class_list":{"0":"post-12032","1":"product","2":"type-product","3":"status-publish","4":"has-post-thumbnail","6":"product_cat-batoniki-i-wafelki","7":"product_cat-slodycze-i-przekaski","9":"first","10":"instock","11":"taxable","12":"shipping-taxable","13":"purchasable","14":"product-type-simple"},"_links":{"self":[{"href":"https:\/\/www.polskismak.nl\/index.php\/wp-json\/wp\/v2\/product\/12032","targetHints":{"allow":["GET"]}}],"collection":[{"href":"https:\/\/www.polskismak.nl\/index.php\/wp-json\/wp\/v2\/product"}],"about":[{"href":"https:\/\/www.polskismak.nl\/index.php\/wp-json\/wp\/v2\/types\/product"}],"wp:featuredmedia":[{"embeddable":true,"href":"https:\/\/www.polskismak.nl\/index.php\/wp-json\/wp\/v2\/media\/11779"}],"wp:attachment":[{"href":"https:\/\/www.polskismak.nl\/index.php\/wp-json\/wp\/v2\/media?parent=12032"}],"wp:term":[{"taxonomy":"product_brand","embeddable":true,"href":"https:\/\/www.polskismak.nl\/index.php\/wp-json\/wp\/v2\/product_brand?post=12032"},{"taxonomy":"product_cat","embeddable":true,"href":"https:\/\/www.polskismak.nl\/index.php\/wp-json\/wp\/v2\/product_cat?post=12032"},{"taxonomy":"product_tag","embeddable":true,"href":"https:\/\/www.polskismak.nl\/index.php\/wp-json\/wp\/v2\/product_tag?post=12032"}],"curies":[{"name":"wp","href":"https:\/\/api.w.org\/{rel}","templated":true}]}}