{"id":12117,"date":"2024-09-25T10:59:41","date_gmt":"2024-09-25T10:59:41","guid":{"rendered":"https:\/\/www.polskismak.nl\/?post_type=product&#038;p=12117"},"modified":"2025-10-01T13:37:05","modified_gmt":"2025-10-01T13:37:05","slug":"mieta-z-pomarancza","status":"publish","type":"product","link":"https:\/\/www.polskismak.nl\/index.php\/product\/mieta-z-pomarancza\/","title":{"rendered":"Mi\u0119ta z pomara\u0144cz\u0105"},"content":{"rendered":"<p>Sk\u0142adniki<br \/>\nli\u015b\u0107 mi\u0119ty pieprzowej (50 %)<\/p>\n<p>aromaty<\/p>\n<p>kwiat hibiskusa bia\u0142y<\/p>\n<p>sk\u00f3rka pomara\u0144czy (8,7 %)<\/p>\n<p>owoc mango (0,3 %)<\/p>\n<p>li\u015b\u0107 je\u017cyny<\/p>\n<p>Zalecenia dla alergik\u00f3w<br \/>\nNie nale\u017cy stosowa\u0107 u os\u00f3b nadwra\u017cliwych na li\u015b\u0107 mi\u0119ty pieprzowej.<\/p>\n","protected":false},"excerpt":{"rendered":"<p>Sk\u0142adniki li\u015b\u0107 mi\u0119ty pieprzowej (50 %) aromaty kwiat hibiskusa bia\u0142y sk\u00f3rka pomara\u0144czy (8,7 %) owoc mango (0,3 %) li\u015b\u0107 je\u017cyny Zalecenia dla alergik\u00f3w Nie nale\u017cy stosowa\u0107 u os\u00f3b nadwra\u017cliwych na li\u015b\u0107 mi\u0119ty pieprzowej.<\/p>\n","protected":false},"featured_media":11865,"template":"","meta":[],"product_brand":[],"product_cat":[152,150],"product_tag":[],"class_list":{"0":"post-12117","1":"product","2":"type-product","3":"status-publish","4":"has-post-thumbnail","6":"product_cat-herbata","7":"product_cat-kawa-i-herbata","9":"first","10":"instock","11":"taxable","12":"shipping-taxable","13":"purchasable","14":"product-type-simple"},"_links":{"self":[{"href":"https:\/\/www.polskismak.nl\/index.php\/wp-json\/wp\/v2\/product\/12117","targetHints":{"allow":["GET"]}}],"collection":[{"href":"https:\/\/www.polskismak.nl\/index.php\/wp-json\/wp\/v2\/product"}],"about":[{"href":"https:\/\/www.polskismak.nl\/index.php\/wp-json\/wp\/v2\/types\/product"}],"wp:featuredmedia":[{"embeddable":true,"href":"https:\/\/www.polskismak.nl\/index.php\/wp-json\/wp\/v2\/media\/11865"}],"wp:attachment":[{"href":"https:\/\/www.polskismak.nl\/index.php\/wp-json\/wp\/v2\/media?parent=12117"}],"wp:term":[{"taxonomy":"product_brand","embeddable":true,"href":"https:\/\/www.polskismak.nl\/index.php\/wp-json\/wp\/v2\/product_brand?post=12117"},{"taxonomy":"product_cat","embeddable":true,"href":"https:\/\/www.polskismak.nl\/index.php\/wp-json\/wp\/v2\/product_cat?post=12117"},{"taxonomy":"product_tag","embeddable":true,"href":"https:\/\/www.polskismak.nl\/index.php\/wp-json\/wp\/v2\/product_tag?post=12117"}],"curies":[{"name":"wp","href":"https:\/\/api.w.org\/{rel}","templated":true}]}}