{"id":12121,"date":"2024-09-25T11:07:49","date_gmt":"2024-09-25T11:07:49","guid":{"rendered":"https:\/\/www.polskismak.nl\/?post_type=product&#038;p=12121"},"modified":"2025-10-01T13:36:49","modified_gmt":"2025-10-01T13:36:49","slug":"melisa-z-pomarancza","status":"publish","type":"product","link":"https:\/\/www.polskismak.nl\/index.php\/product\/melisa-z-pomarancza\/","title":{"rendered":"Melisa z pomara\u0144cz\u0105"},"content":{"rendered":"<h3>Sk\u0142adniki<\/h3>\n<p>jab\u0142ko<\/p>\n<p>li\u015b\u0107 melisy (28 %)<\/p>\n<p>sk\u00f3rka pomara\u0144czy (4 %)<\/p>\n<p>aromaty<\/p>\n<p>korze\u0144 cykorii<\/p>\n<p>ziele palczatki<\/p>\n","protected":false},"excerpt":{"rendered":"<p>Sk\u0142adniki jab\u0142ko li\u015b\u0107 melisy (28 %) sk\u00f3rka pomara\u0144czy (4 %) aromaty korze\u0144 cykorii ziele palczatki<\/p>\n","protected":false},"featured_media":11867,"template":"","meta":[],"product_brand":[],"product_cat":[152,150],"product_tag":[],"class_list":{"0":"post-12121","1":"product","2":"type-product","3":"status-publish","4":"has-post-thumbnail","6":"product_cat-herbata","7":"product_cat-kawa-i-herbata","9":"first","10":"instock","11":"taxable","12":"shipping-taxable","13":"purchasable","14":"product-type-simple"},"_links":{"self":[{"href":"https:\/\/www.polskismak.nl\/index.php\/wp-json\/wp\/v2\/product\/12121","targetHints":{"allow":["GET"]}}],"collection":[{"href":"https:\/\/www.polskismak.nl\/index.php\/wp-json\/wp\/v2\/product"}],"about":[{"href":"https:\/\/www.polskismak.nl\/index.php\/wp-json\/wp\/v2\/types\/product"}],"wp:featuredmedia":[{"embeddable":true,"href":"https:\/\/www.polskismak.nl\/index.php\/wp-json\/wp\/v2\/media\/11867"}],"wp:attachment":[{"href":"https:\/\/www.polskismak.nl\/index.php\/wp-json\/wp\/v2\/media?parent=12121"}],"wp:term":[{"taxonomy":"product_brand","embeddable":true,"href":"https:\/\/www.polskismak.nl\/index.php\/wp-json\/wp\/v2\/product_brand?post=12121"},{"taxonomy":"product_cat","embeddable":true,"href":"https:\/\/www.polskismak.nl\/index.php\/wp-json\/wp\/v2\/product_cat?post=12121"},{"taxonomy":"product_tag","embeddable":true,"href":"https:\/\/www.polskismak.nl\/index.php\/wp-json\/wp\/v2\/product_tag?post=12121"}],"curies":[{"name":"wp","href":"https:\/\/api.w.org\/{rel}","templated":true}]}}