{"id":12161,"date":"2024-09-25T12:15:58","date_gmt":"2024-09-25T12:15:58","guid":{"rendered":"https:\/\/www.polskismak.nl\/?post_type=product&#038;p=12161"},"modified":"2025-10-01T13:30:56","modified_gmt":"2025-10-01T13:30:56","slug":"teekane-magic-moments","status":"publish","type":"product","link":"https:\/\/www.polskismak.nl\/index.php\/product\/teekane-magic-moments\/","title":{"rendered":"Teekane Magic moments"},"content":{"rendered":"<p>Sk\u0142adniki:\u00a0<b>Jab\u0142ko, hibiskus, owoc dzikiej r\u00f3\u017cy, sk\u00f3rka pomara\u0144czy (9%), cynamon, aromat rumowo-winogronowy (5%), aromat pomara\u0144czowy<\/b><\/p>\n","protected":false},"excerpt":{"rendered":"<p>Sk\u0142adniki:\u00a0Jab\u0142ko, hibiskus, owoc dzikiej r\u00f3\u017cy, sk\u00f3rka pomara\u0144czy (9%), cynamon, aromat rumowo-winogronowy (5%), aromat pomara\u0144czowy<\/p>\n","protected":false},"featured_media":11890,"template":"","meta":[],"product_brand":[],"product_cat":[152,150],"product_tag":[],"class_list":{"0":"post-12161","1":"product","2":"type-product","3":"status-publish","4":"has-post-thumbnail","6":"product_cat-herbata","7":"product_cat-kawa-i-herbata","9":"first","10":"outofstock","11":"taxable","12":"shipping-taxable","13":"purchasable","14":"product-type-simple"},"_links":{"self":[{"href":"https:\/\/www.polskismak.nl\/index.php\/wp-json\/wp\/v2\/product\/12161","targetHints":{"allow":["GET"]}}],"collection":[{"href":"https:\/\/www.polskismak.nl\/index.php\/wp-json\/wp\/v2\/product"}],"about":[{"href":"https:\/\/www.polskismak.nl\/index.php\/wp-json\/wp\/v2\/types\/product"}],"wp:featuredmedia":[{"embeddable":true,"href":"https:\/\/www.polskismak.nl\/index.php\/wp-json\/wp\/v2\/media\/11890"}],"wp:attachment":[{"href":"https:\/\/www.polskismak.nl\/index.php\/wp-json\/wp\/v2\/media?parent=12161"}],"wp:term":[{"taxonomy":"product_brand","embeddable":true,"href":"https:\/\/www.polskismak.nl\/index.php\/wp-json\/wp\/v2\/product_brand?post=12161"},{"taxonomy":"product_cat","embeddable":true,"href":"https:\/\/www.polskismak.nl\/index.php\/wp-json\/wp\/v2\/product_cat?post=12161"},{"taxonomy":"product_tag","embeddable":true,"href":"https:\/\/www.polskismak.nl\/index.php\/wp-json\/wp\/v2\/product_tag?post=12161"}],"curies":[{"name":"wp","href":"https:\/\/api.w.org\/{rel}","templated":true}]}}