{"id":571,"date":"2019-03-04T15:31:17","date_gmt":"2019-03-04T15:31:17","guid":{"rendered":"http:\/\/www.polskismak.nl\/?post_type=product&#038;p=571"},"modified":"2025-01-29T13:55:32","modified_gmt":"2025-01-29T13:55:32","slug":"spolem-chips-om-zelf-af-te-baken","status":"publish","type":"product","link":"https:\/\/www.polskismak.nl\/index.php\/product\/spolem-chips-om-zelf-af-te-baken\/","title":{"rendered":"Spo\u0142em przysmak \u015bwi\u0119tokrzyski  Spo\u0142em chips om zelf af te baken"},"content":{"rendered":"<p>Sk\u0142ad: m\u0105ka pszenna (97,5%), woda, s\u00f3l, substancja spulchniaj\u0105ca: w\u0119glany sodu<\/p>\n<p>Waga: 400 g (405 g w dostawie<br \/>\nIngredi\u00ebnten: tarwebloem (97,5%), water, zout, rijsmiddel: natriumcarbonaten<\/p>\n<p>Gewicht: 400 g (405 g meegeleverd)<\/p>\n","protected":false},"excerpt":{"rendered":"<p>400g<\/p>\n","protected":false},"featured_media":572,"template":"","meta":[],"product_brand":[],"product_cat":[108,103],"product_tag":[],"class_list":{"0":"post-571","1":"product","2":"type-product","3":"status-publish","4":"has-post-thumbnail","6":"product_cat-slone-przekaski-i-chipsy","7":"product_cat-slodycze-i-przekaski","9":"first","10":"instock","11":"taxable","12":"shipping-taxable","13":"purchasable","14":"product-type-simple"},"_links":{"self":[{"href":"https:\/\/www.polskismak.nl\/index.php\/wp-json\/wp\/v2\/product\/571","targetHints":{"allow":["GET"]}}],"collection":[{"href":"https:\/\/www.polskismak.nl\/index.php\/wp-json\/wp\/v2\/product"}],"about":[{"href":"https:\/\/www.polskismak.nl\/index.php\/wp-json\/wp\/v2\/types\/product"}],"wp:featuredmedia":[{"embeddable":true,"href":"https:\/\/www.polskismak.nl\/index.php\/wp-json\/wp\/v2\/media\/572"}],"wp:attachment":[{"href":"https:\/\/www.polskismak.nl\/index.php\/wp-json\/wp\/v2\/media?parent=571"}],"wp:term":[{"taxonomy":"product_brand","embeddable":true,"href":"https:\/\/www.polskismak.nl\/index.php\/wp-json\/wp\/v2\/product_brand?post=571"},{"taxonomy":"product_cat","embeddable":true,"href":"https:\/\/www.polskismak.nl\/index.php\/wp-json\/wp\/v2\/product_cat?post=571"},{"taxonomy":"product_tag","embeddable":true,"href":"https:\/\/www.polskismak.nl\/index.php\/wp-json\/wp\/v2\/product_tag?post=571"}],"curies":[{"name":"wp","href":"https:\/\/api.w.org\/{rel}","templated":true}]}}